{"id":550,"date":"2017-02-23T15:12:31","date_gmt":"2017-02-23T14:12:31","guid":{"rendered":"http:\/\/archivinfo.ch\/fb\/ort\/zeitreise-1864-bis-heute\/"},"modified":"2024-06-28T09:51:06","modified_gmt":"2024-06-28T07:51:06","slug":"zeitreise","status":"publish","type":"page","link":"https:\/\/archivinfo.ch\/felsberg\/ort\/zeitreise\/","title":{"rendered":"Zeitreise zur\u00fcck bis 1864"},"content":{"rendered":"<h2><span class=\"ez-toc-section\" id=\"Zeitreise\"><\/span>Zeitreise<span class=\"ez-toc-section-end\"><\/span><\/h2><div id=\"ez-toc-container\" class=\"ez-toc-v2_0_82_2 counter-hierarchy ez-toc-counter ez-toc-custom ez-toc-container-direction\">\n<nav><ul class='ez-toc-list ez-toc-list-level-1 ' ><li class='ez-toc-page-1 ez-toc-heading-level-2'><a class=\"ez-toc-link ez-toc-heading-1\" href=\"https:\/\/archivinfo.ch\/felsberg\/ort\/zeitreise\/#Zeitreise\" >Zeitreise<\/a><ul class='ez-toc-list-level-3' ><li class='ez-toc-heading-level-3'><a class=\"ez-toc-link ez-toc-heading-2\" href=\"https:\/\/archivinfo.ch\/felsberg\/ort\/zeitreise\/#2021\" >2021<\/a><\/li><li class='ez-toc-page-1 ez-toc-heading-level-3'><a class=\"ez-toc-link ez-toc-heading-3\" href=\"https:\/\/archivinfo.ch\/felsberg\/ort\/zeitreise\/#1954\" >1954<\/a><\/li><li class='ez-toc-page-1 ez-toc-heading-level-3'><a class=\"ez-toc-link ez-toc-heading-4\" href=\"https:\/\/archivinfo.ch\/felsberg\/ort\/zeitreise\/#1895_%E2%86%94_1942\" >1895 \u2194 1942<\/a><\/li><li class='ez-toc-page-1 ez-toc-heading-level-3'><a class=\"ez-toc-link ez-toc-heading-5\" href=\"https:\/\/archivinfo.ch\/felsberg\/ort\/zeitreise\/#1941\" >1941<\/a><\/li><li class='ez-toc-page-1 ez-toc-heading-level-3'><a class=\"ez-toc-link ez-toc-heading-6\" href=\"https:\/\/archivinfo.ch\/felsberg\/ort\/zeitreise\/#1932\" >1932<\/a><\/li><li class='ez-toc-page-1 ez-toc-heading-level-3'><a class=\"ez-toc-link ez-toc-heading-7\" href=\"https:\/\/archivinfo.ch\/felsberg\/ort\/zeitreise\/#1913\" >1913<\/a><\/li><li class='ez-toc-page-1 ez-toc-heading-level-3'><a class=\"ez-toc-link ez-toc-heading-8\" href=\"https:\/\/archivinfo.ch\/felsberg\/ort\/zeitreise\/#1904\" >1904<\/a><\/li><li class='ez-toc-page-1 ez-toc-heading-level-3'><a class=\"ez-toc-link ez-toc-heading-9\" href=\"https:\/\/archivinfo.ch\/felsberg\/ort\/zeitreise\/#1890\" >1890<\/a><\/li><\/ul><\/li><\/ul><\/nav><\/div>\n\n<p>Die Entwicklung der Bebauung l\u00e4sst sich anhand der Kartenwerke auf dem Geoportal des Bundes anschauen. Hier einige Zeitschnitte (wobei die Jahreszahlen vermutlich die Nachf\u00fchrung der Karten betreffen und damit gegen\u00fcber der Wirklichkeit versp\u00e4tet sind). Sie k\u00f6nnen die Zeitreise auch <a href=\"https:\/\/s.geo.admin.ch\/7196bffeda\">direkt auf dem Geoportal<\/a> automatisch ablaufen lassen.<\/p>\n<h3><span class=\"ez-toc-section\" id=\"2021\"><\/span>2021<span class=\"ez-toc-section-end\"><\/span><\/h3>\n<p><iframe src=\"https:\/\/s.geo.admin.ch\/c8cal5vnsp0s\" style=\"border: 0;width: 600px;height: 450px;max-width: 100%;max-height: 100%;\" allow=\"geolocation\"><\/iframe><\/p>\n<h3><span class=\"ez-toc-section\" id=\"1954\"><\/span>1954<span class=\"ez-toc-section-end\"><\/span><\/h3>\n<p><iframe src=\"https:\/\/s.geo.admin.ch\/l41n4swkc4cw\" style=\"border: 0;width: 600px;height: 450px;max-width: 100%;max-height: 100%;\" allow=\"geolocation\"><\/iframe><\/p>\n<h3><span class=\"ez-toc-section\" id=\"1895_%E2%86%94_1942\"><\/span>1895 \u2194 1942<span class=\"ez-toc-section-end\"><\/span><\/h3>\n<p><iframe src=\"https:\/\/s.geo.admin.ch\/3yfl8p74benc\" style=\"border: 0;width: 600px;height: 450px;max-width: 100%;max-height: 100%;\" allow=\"geolocation\"><\/iframe><\/p>\n<h3><span class=\"ez-toc-section\" id=\"1941\"><\/span>1941<span class=\"ez-toc-section-end\"><\/span><\/h3>\n<p><iframe src=\"https:\/\/s.geo.admin.ch\/ioyj23xg0z2b\" style=\"border: 0;width: 600px;height: 450px;max-width: 100%;max-height: 100%;\" allow=\"geolocation\"><\/iframe><\/p>\n<h3><span class=\"ez-toc-section\" id=\"1932\"><\/span>1932<span class=\"ez-toc-section-end\"><\/span><\/h3>\n<p><iframe src=\"https:\/\/s.geo.admin.ch\/rj6dw2k9f1ui\" style=\"border: 0;width: 600px;height: 450px;max-width: 100%;max-height: 100%;\" allow=\"geolocation\"><\/iframe><\/p>\n<h3><span class=\"ez-toc-section\" id=\"1913\"><\/span>1913<span class=\"ez-toc-section-end\"><\/span><\/h3>\n<p><iframe src=\"https:\/\/s.geo.admin.ch\/sd9vxt7d1o5o\" style=\"border: 0;width: 600px;height: 450px;max-width: 100%;max-height: 100%;\" allow=\"geolocation\"><\/iframe><\/p>\n<h3><span class=\"ez-toc-section\" id=\"1904\"><\/span>1904<span class=\"ez-toc-section-end\"><\/span><\/h3>\n<p><iframe src=\"https:\/\/s.geo.admin.ch\/urwuzsaofept\" style=\"border: 0;width: 600px;height: 450px;max-width: 100%;max-height: 100%;\" allow=\"geolocation\"><\/iframe><\/p>\n<h3><span class=\"ez-toc-section\" id=\"1890\"><\/span>1890<span class=\"ez-toc-section-end\"><\/span><\/h3>\n<p><iframe src=\"https:\/\/s.geo.admin.ch\/7wx5p4wfad1i\" style=\"border: 0;width: 600px;height: 450px;max-width: 100%;max-height: 100%;\" allow=\"geolocation\"><\/iframe><\/p>\n","protected":false},"excerpt":{"rendered":"<p>Zeitreise Die Entwicklung der Bebauung l\u00e4sst sich anhand der Kartenwerke auf dem Geoportal des Bundes anschauen. Hier einige Zeitschnitte (wobei die Jahreszahlen vermutlich die Nachf\u00fchrung der Karten betreffen und damit gegen\u00fcber der Wirklichkeit versp\u00e4tet sind). Sie k\u00f6nnen die Zeitreise auch direkt auf dem Geoportal automatisch ablaufen lassen. 2021 1954 1895 \u2194 1942 1941 1932 1913 <a href=\"https:\/\/archivinfo.ch\/felsberg\/ort\/zeitreise\/\" class=\"more-link\">\u2026weiterlesen<span class=\"screen-reader-text\"> Zeitreise zur\u00fcck bis 1864\"<\/span><\/a><\/p>\n","protected":false},"author":1,"featured_media":0,"parent":206,"menu_order":67,"comment_status":"closed","ping_status":"closed","template":"","meta":{"footnotes":""},"class_list":["post-550","page","type-page","status-publish","h-entry","hentry","h-as-page"],"_links":{"self":[{"href":"https:\/\/archivinfo.ch\/felsberg\/wp-json\/wp\/v2\/pages\/550","targetHints":{"allow":["GET"]}}],"collection":[{"href":"https:\/\/archivinfo.ch\/felsberg\/wp-json\/wp\/v2\/pages"}],"about":[{"href":"https:\/\/archivinfo.ch\/felsberg\/wp-json\/wp\/v2\/types\/page"}],"author":[{"embeddable":true,"href":"https:\/\/archivinfo.ch\/felsberg\/wp-json\/wp\/v2\/users\/1"}],"replies":[{"embeddable":true,"href":"https:\/\/archivinfo.ch\/felsberg\/wp-json\/wp\/v2\/comments?post=550"}],"version-history":[{"count":5,"href":"https:\/\/archivinfo.ch\/felsberg\/wp-json\/wp\/v2\/pages\/550\/revisions"}],"predecessor-version":[{"id":3706,"href":"https:\/\/archivinfo.ch\/felsberg\/wp-json\/wp\/v2\/pages\/550\/revisions\/3706"}],"up":[{"embeddable":true,"href":"https:\/\/archivinfo.ch\/felsberg\/wp-json\/wp\/v2\/pages\/206"}],"wp:attachment":[{"href":"https:\/\/archivinfo.ch\/felsberg\/wp-json\/wp\/v2\/media?parent=550"}],"curies":[{"name":"wp","href":"https:\/\/api.w.org\/{rel}","templated":true}]}}