{"id":337,"date":"2017-02-12T14:43:23","date_gmt":"2017-02-12T13:43:23","guid":{"rendered":"http:\/\/archivinfo.ch\/fb\/varia\/anhang\/"},"modified":"2023-12-27T15:06:07","modified_gmt":"2023-12-27T14:06:07","slug":"anhang","status":"publish","type":"page","link":"https:\/\/archivinfo.ch\/felsberg\/varia\/anhang\/","title":{"rendered":"Anhang (Quellen, Literatur etc.)"},"content":{"rendered":"<h2><span class=\"ez-toc-section\" id=\"Anhang_Quellen_Literatur_etc\"><\/span>Anhang (Quellen, Literatur etc.)<span class=\"ez-toc-section-end\"><\/span><\/h2><div id=\"ez-toc-container\" class=\"ez-toc-v2_0_82_2 counter-hierarchy ez-toc-counter ez-toc-custom ez-toc-container-direction\">\n<nav><ul class='ez-toc-list ez-toc-list-level-1 ' ><li class='ez-toc-page-1 ez-toc-heading-level-2'><a class=\"ez-toc-link ez-toc-heading-1\" href=\"https:\/\/archivinfo.ch\/felsberg\/varia\/anhang\/#Anhang_Quellen_Literatur_etc\" >Anhang (Quellen, Literatur etc.)<\/a><ul class='ez-toc-list-level-3' ><li class='ez-toc-heading-level-3'><a class=\"ez-toc-link ez-toc-heading-2\" href=\"https:\/\/archivinfo.ch\/felsberg\/varia\/anhang\/#Abkuerzungen\" >Abk\u00fcrzungen<\/a><\/li><li class='ez-toc-page-1 ez-toc-heading-level-3'><a class=\"ez-toc-link ez-toc-heading-3\" href=\"https:\/\/archivinfo.ch\/felsberg\/varia\/anhang\/#Quellen\" >Quellen<\/a><\/li><li class='ez-toc-page-1 ez-toc-heading-level-3'><a class=\"ez-toc-link ez-toc-heading-4\" href=\"https:\/\/archivinfo.ch\/felsberg\/varia\/anhang\/#Gedruckte_Quellen\" >Gedruckte Quellen<\/a><\/li><li class='ez-toc-page-1 ez-toc-heading-level-3'><a class=\"ez-toc-link ez-toc-heading-5\" href=\"https:\/\/archivinfo.ch\/felsberg\/varia\/anhang\/#Literatur\" >Literatur<\/a><\/li><li class='ez-toc-page-1 ez-toc-heading-level-3'><a class=\"ez-toc-link ez-toc-heading-6\" href=\"https:\/\/archivinfo.ch\/felsberg\/varia\/anhang\/#Praesentation\" >Pr\u00e4sentation<\/a><\/li><\/ul><\/li><\/ul><\/nav><\/div>\n\n<h3><span class=\"ez-toc-section\" id=\"Abkuerzungen\"><\/span>Abk\u00fcrzungen<span class=\"ez-toc-section-end\"><\/span><\/h3>\n<ul>\n<li><strong>STALU<\/strong>: Staatsarchiv Luzern (in der Regel folgt hier die Detail-Signatur in der Art \"STALU AKT 313\/5977\")<\/li>\n<li><strong>SALU<\/strong>: Stadtarchiv Luzern<\/li>\n<li><strong>HAS:<\/strong>\u00a0<a href=\"https:\/\/hotelarchiv.ch\/\" target=\"_blank\" rel=\"noopener\">Hotelarchiv Schweiz<\/a><\/li>\n<li><strong>BAR<\/strong>: Schweizerisches Bundesarchiv, Bern<\/li>\n<li><strong>SWA<\/strong>: Schweizerisches Wirtschaftsarchiv, Basel<\/li>\n<\/ul>\n<h3><span class=\"ez-toc-section\" id=\"Quellen\"><\/span>Quellen<span class=\"ez-toc-section-end\"><\/span><\/h3>\n<p>Hier nur zentrale, mehrfach verwendete Best\u00e4nde, weitere Hinweise in den Fussnoten<\/p>\n<ul>\n<li>STALU AKT 313\/5977<\/li>\n<li>STALU AKT 313\/5978<\/li>\n<li>SWA PA 554 A 508, Band-Nr. 31 (Aktenzeichen 103\/10): Pension Felsberg (ein Teil der Bilder auch online: <a href=\"https:\/\/doi.org\/10.7891\/e-manuscripta-93485\" target=\"_blank\" rel=\"noopener\">https:\/\/doi.org\/10.7891\/e-manuscripta-93485<\/a>)<\/li>\n<\/ul>\n<h3><span class=\"ez-toc-section\" id=\"Gedruckte_Quellen\"><\/span>Gedruckte Quellen<span class=\"ez-toc-section-end\"><\/span><\/h3>\n<ul>\n<li><strong>Adressbuch: <\/strong>Luzerner <span id=\"normalb\" class=\"text3\">Adressbuch \/ <\/span>Luzerner <span id=\"normalb\" class=\"text3\">Adressbuch<\/span> f\u00fcr Stadt und Kanton Luzern [im STALU und SALU]<\/li>\n<li><strong>Felsberg-Reminiszenzen:\u00a0<\/strong>Felsberg-Reminiszenzen, Luzerner Tagblatt 4.9.1943.<\/li>\n<li><strong>Fremdenblatt<\/strong>: Unter verschiedenen Titeln wie \"Lucerne Fremdenblatt, Liste des Etrangers\" (ca. 1870-1885), \"Fremdenblatt f\u00fcr Luzern, Vierwaldst\u00e4ttersee und Umgebung\" (1886-1895), \"Fremdenblatt f\u00fcr Luzern, Vierwaldst\u00e4ttersee, Zugersee und Umgebung\" (1896-1918), \"Vierwaldst\u00e4ttersee. Fremdenblatt f\u00fcr Luzern, Vierwaldst\u00e4ttersee, Zugersee und Umgebung\" (1919-1939). [Im StALU im PA 306]<sup><a href=\"#footnote_1_337\" id=\"identifier_1_337\" class=\"footnote-link footnote-identifier-link\" title=\"weiterf&uuml;hrend zum Fremdenblatt siehe Huber, S. 202ff., sowie Max Huber, Unter Druck, 158f.\">1<\/a><\/sup><\/li>\n<li><strong>Konzert- und Vergn\u00fcgungsanzeiger<\/strong> f\u00fcr die Stadt Luzern und Umgebung. Gratisbeilage zum \"Fremdenblatt\" (1899-1914).\u00a0[Im StALU im PA 306]<\/li>\n<li><strong>Luzerner Montparnasse<\/strong>: Das \u00abLuzerner Montparnasse\u00bb weicht einer Parkanlage, Luzerner Tagblatt, 13.12.1960<\/li>\n<li><strong>S\u00fcd und Nord<\/strong>. Illustrierte Reise-, Bade- und Fremdenzeitung. Internationales Organ f\u00fcr die Winter- und Fr\u00fchlingskurorte. Zeitschrift zur F\u00f6rderung des internationalen Fremdenverkehrs.<br \/>\nMit Fremdenliste von Luzern und Vierwaldst\u00e4ttersee (1900-1912). [Im StALU im PA 306]<\/li>\n<li><strong>Morgenpost<\/strong>, Fremdenblatt f\u00fcr Luzern, Vierwaldst\u00e4ttersee, Zugersee und Umgebung (1911-1912):<br \/>\nWenig aussagekr\u00e4ftig, die Zeitung enthielt neben kleinen Anzeigen mehrheitlich (telegraphische) Meldungen aus dem Ausland.<\/li>\n<\/ul>\n<h3><span class=\"ez-toc-section\" id=\"Literatur\"><\/span>Literatur<span class=\"ez-toc-section-end\"><\/span><\/h3>\n<p>Hier nur die mehrfach verwendete Literatur, weitere Hinweise in den Fussnoten<\/p>\n<ul>\n<li><strong>Brunner<\/strong>: Brunner, Hansruedi. Luzern Gesellschaft im Wandel. Die soziale und politische Struktur der Stadtbev\u00f6lkerung, die Lage in den Fremdenverkehrsberufen und das Armenwesen 1850-1914. Luzern 1981 (= Luzerner Historische Ver\u00f6ffentlichungen; Bd. 12)<\/li>\n<li><strong>B\u00fcrgi<\/strong>: B\u00fcrgi, Andreas, Eine touristische Bilderfabrik: Kommerz, Vergn\u00fcgen und Belehrung am Luzerner L\u00f6wenplatz, 1850-1914. Z\u00fcrich 2016.<\/li>\n<li><strong>Fit f\u00fcr die Zukunft<\/strong>: Fit f\u00fcr die Zukunft. Umbau und Gesamtrestaurierung der Schulanlage Felsberg in Luzern. Luzern 2019 (= Schriftenreihe Kantonale Denkmalpflege Luzern; 2)<\/li>\n<li><strong>Fries<\/strong>: Fries, Othmar, Geschichte der Luzerner Hotellerie. Luzern 1966.<\/li>\n<li><strong>Gwerder<\/strong>: Gwerder, Josef. Die Dampfschiffkapit\u00e4ne vom Vierwaldst\u00e4ttersee : 104 Kapit\u00e4nsportr\u00e4ts von 1837 bis heute. Luzern 1997.<\/li>\n<li><strong>Huber<\/strong>: Huber, Paul. Luzern wird Fremdenstadt. Ver\u00e4nderungen der st\u00e4dtischen Wirtschaftsstruktur 1850-1914. Luzern 1986 (= Beitr\u00e4ge zur Luzerner Stadtgeschichte; Bd. 8)<\/li>\n<li><strong>INSA<\/strong>: Locarno, Le Locle, Lugano, Luzern \/ hrsg. von der Gesellschaft f\u00fcr Schweizerische Kunstgeschichte. Z\u00fcrich 1991 (= Inventar der neueren Schweizer Architektur 1850-1920; 6).<\/li>\n<li><strong>Meili<\/strong>: Meili, Armin. Bauliche <span class=\"searchword\">Sanierung<\/span> von <span class=\"searchword\">Hotels<\/span> und Kurorten: Schlussbericht. Z\u00fcrich 1945.<\/li>\n<li><strong>Mugglin<\/strong>: Mugglin, Beat. Die Bodenpolitik der Stadt Luzern. Luzern 1993 (= Beitr\u00e4ge zur Luzerner Stadtgeschichte; Bd. 9)<\/li>\n<li><strong>Oberh\u00e4nsli<\/strong>: Oberh\u00e4nsli, This. Vom \"Eselstall\" zum Pavillonschulhaus : Volksschulhausbauten anhand ausgew. Luzerner Beispiele zwischen 1850 und 1950. Luzern 1996 (= Beitr\u00e4ge zur Luzerner Stadtgeschichte; Bd. 10).<\/li>\n<li><strong>Omachen<\/strong>: Omachen, Peter. Luzern - eine Touristenstadt: Hotelarchitektur von 1782 bis 1914. Baden 2010.<\/li>\n<li><strong>Omachen (2019)<\/strong>: Omachen, Peter. Die Pension Felsberg - Vorg\u00e4ngerin der Schulanlage. In: Fit f\u00fcr die Zukunft. Umbau und Gesamtrestaurierung der Schulanlage Felsberg in Luzern. Luzern 2019 (= Schriftenreihe Kantonale Denkmalpflege Luzern; 2), Seiten 14-21.<\/li>\n<li><strong>Quartiergeschichte:\u00a0<\/strong>Quartierverein Wesemlin-Dreilinden (Hrsg.).\u00a0Die Geschichte unseres Quartiers Wesemlin-Dreilinden: zusammengestellt anl\u00e4sslich des 75-Jahr-Jubil\u00e4ums des Quartiervereins. Luzern, 2002.<\/li>\n<li><strong>Rickenbach<\/strong>: Rickenbach, Gaby. Baugeschichte des \"Felsberg\". Typoskript Luzern 1977 (im SALU).<\/li>\n<\/ul>\n<h3><span class=\"ez-toc-section\" id=\"Praesentation\"><\/span>Pr\u00e4sentation<span class=\"ez-toc-section-end\"><\/span><\/h3>\n<div class=\"page\" title=\"Page 1\">\n<div class=\"section\">\n<div class=\"layoutArea\">\n<div class=\"column\">\n<p>KLEINE WELT AUF DEM FELSBERG:\u00a0U\u0308ber die Erforschung der Luzerner Familie Pietzcker und ihrer Pension Felsberg. Vortrag bei der Zentralschweizerischen Gesellschaft f\u00fcr Familienforschung,\u00a023.4.2022\u00a0<a href=\"https:\/\/archivinfo.ch\/felsberg\/wp-content\/uploads\/varia\/Felsberg_Praesentation.pdf\" target=\"_blank\" rel=\"noopener\">(Felsberg_Praesentation, PDF 36 MB)<\/a><\/p>\n<\/div>\n<\/div>\n<\/div>\n<\/div>\n<ol class=\"footnotes\"><li id=\"footnote_1_337\" class=\"footnote\">weiterf\u00fchrend zum Fremdenblatt siehe Huber, S. 202ff., sowie Max Huber, Unter Druck, 158f.<span class=\"footnote-back-link-wrapper\">[<a href=\"#identifier_1_337\" class=\"footnote-link footnote-back-link\">&#8617;<\/a>]<\/span><\/li><\/ol>","protected":false},"excerpt":{"rendered":"<p>Anhang (Quellen, Literatur etc.) Abk\u00fcrzungen STALU: Staatsarchiv Luzern (in der Regel folgt hier die Detail-Signatur in der Art \"STALU AKT 313\/5977\") SALU: Stadtarchiv Luzern HAS:\u00a0Hotelarchiv Schweiz BAR: Schweizerisches Bundesarchiv, Bern SWA: Schweizerisches Wirtschaftsarchiv, Basel Quellen Hier nur zentrale, mehrfach verwendete Best\u00e4nde, weitere Hinweise in den Fussnoten STALU AKT 313\/5977 STALU AKT 313\/5978 SWA PA 554 <a href=\"https:\/\/archivinfo.ch\/felsberg\/varia\/anhang\/\" class=\"more-link\">\u2026weiterlesen<span class=\"screen-reader-text\"> Anhang (Quellen, Literatur etc.)\"<\/span><\/a><\/p>\n","protected":false},"author":1,"featured_media":0,"parent":233,"menu_order":59,"comment_status":"closed","ping_status":"closed","template":"","meta":{"footnotes":""},"class_list":["post-337","page","type-page","status-publish","h-entry","hentry","h-as-page"],"_links":{"self":[{"href":"https:\/\/archivinfo.ch\/felsberg\/wp-json\/wp\/v2\/pages\/337","targetHints":{"allow":["GET"]}}],"collection":[{"href":"https:\/\/archivinfo.ch\/felsberg\/wp-json\/wp\/v2\/pages"}],"about":[{"href":"https:\/\/archivinfo.ch\/felsberg\/wp-json\/wp\/v2\/types\/page"}],"author":[{"embeddable":true,"href":"https:\/\/archivinfo.ch\/felsberg\/wp-json\/wp\/v2\/users\/1"}],"replies":[{"embeddable":true,"href":"https:\/\/archivinfo.ch\/felsberg\/wp-json\/wp\/v2\/comments?post=337"}],"version-history":[{"count":5,"href":"https:\/\/archivinfo.ch\/felsberg\/wp-json\/wp\/v2\/pages\/337\/revisions"}],"predecessor-version":[{"id":3646,"href":"https:\/\/archivinfo.ch\/felsberg\/wp-json\/wp\/v2\/pages\/337\/revisions\/3646"}],"up":[{"embeddable":true,"href":"https:\/\/archivinfo.ch\/felsberg\/wp-json\/wp\/v2\/pages\/233"}],"wp:attachment":[{"href":"https:\/\/archivinfo.ch\/felsberg\/wp-json\/wp\/v2\/media?parent=337"}],"curies":[{"name":"wp","href":"https:\/\/api.w.org\/{rel}","templated":true}]}}