{"id":326,"date":"2017-02-12T14:41:29","date_gmt":"2017-02-12T13:41:29","guid":{"rendered":"http:\/\/archivinfo.ch\/fb\/pietzcker\/alice-pietzcker\/"},"modified":"2025-04-25T10:28:27","modified_gmt":"2025-04-25T08:28:27","slug":"alice-pietzcker","status":"publish","type":"page","link":"https:\/\/archivinfo.ch\/felsberg\/pietzcker\/alice-pietzcker\/","title":{"rendered":"&gt;&gt; Alice Pietzcker"},"content":{"rendered":"<h3>Alice (Schwester \/ Oberin Dominika) Pietzcker<\/h3>\n<figure id=\"attachment_73\" aria-describedby=\"caption-attachment-73\" style=\"width: 500px\" class=\"wp-caption aligncenter\"><a href=\"http:\/\/archivinfo.ch\/felsberg\/pietzcker\/alice-pietzcker\/pietzker_alice_stalu_pa_122_28\/\"><img loading=\"lazy\" decoding=\"async\" class=\"wp-image-73 size-medium\" src=\"http:\/\/archivinfo.ch\/felsberg\/wp-content\/uploads\/pietzcker\/pietzker_alice_stalu_pa_122_28-500x366.jpg\" alt=\"\" width=\"500\" height=\"366\" srcset=\"https:\/\/archivinfo.ch\/felsberg\/wp-content\/uploads\/pietzcker\/pietzker_alice_stalu_pa_122_28-500x366.jpg 500w, https:\/\/archivinfo.ch\/felsberg\/wp-content\/uploads\/pietzcker\/pietzker_alice_stalu_pa_122_28-150x110.jpg 150w, https:\/\/archivinfo.ch\/felsberg\/wp-content\/uploads\/pietzcker\/pietzker_alice_stalu_pa_122_28-768x562.jpg 768w, https:\/\/archivinfo.ch\/felsberg\/wp-content\/uploads\/pietzcker\/pietzker_alice_stalu_pa_122_28-1024x750.jpg 1024w, https:\/\/archivinfo.ch\/felsberg\/wp-content\/uploads\/pietzcker\/pietzker_alice_stalu_pa_122_28-960x703.jpg 960w\" sizes=\"auto, (max-width: 500px) 100vw, 500px\" \/><\/a><figcaption id=\"caption-attachment-73\" class=\"wp-caption-text\">Pietzcker, Alice, mit ihrem Neffen Dieter Balthasar, 1913? (STALU PA 122\/28)<\/figcaption><\/figure>\n<p>Alice Margaretha Pietzcker wird am 23. September <a href=\"https:\/\/archivinfo.ch\/pietzker\/#\/person?uniqueID=587B3854-6653-4058-AC47-FF2CE51175D4\" target=\"_blank\" rel=\"noopener noreferrer\">1887<\/a> in Luzern als Tochter des <a href=\"..\/hermann-alexander-pietzcker\/\">Hermann Alexander Pietzcker<\/a> und der <a href=\"..\/margaretha-apor-de-altorja\/\">Margaretha Apor de Altorja<\/a>\u00a0geboren.<\/p>\n<figure id=\"attachment_1143\" aria-describedby=\"caption-attachment-1143\" style=\"width: 339px\" class=\"wp-caption aligncenter\"><a href=\"http:\/\/archivinfo.ch\/felsberg\/pietzcker\/alice-pietzcker\/pietzcker-alice-stalu-pa-122_26a\/\"><img loading=\"lazy\" decoding=\"async\" class=\"wp-image-1143 size-medium\" src=\"http:\/\/archivinfo.ch\/felsberg\/wp-content\/uploads\/pietzcker\/Pietzcker-Alice-STALU-PA-122_26a-339x500.jpg\" alt=\"\" width=\"339\" height=\"500\" srcset=\"https:\/\/archivinfo.ch\/felsberg\/wp-content\/uploads\/pietzcker\/Pietzcker-Alice-STALU-PA-122_26a-339x500.jpg 339w, https:\/\/archivinfo.ch\/felsberg\/wp-content\/uploads\/pietzcker\/Pietzcker-Alice-STALU-PA-122_26a-102x150.jpg 102w, https:\/\/archivinfo.ch\/felsberg\/wp-content\/uploads\/pietzcker\/Pietzcker-Alice-STALU-PA-122_26a-768x1134.jpg 768w, https:\/\/archivinfo.ch\/felsberg\/wp-content\/uploads\/pietzcker\/Pietzcker-Alice-STALU-PA-122_26a-694x1024.jpg 694w, https:\/\/archivinfo.ch\/felsberg\/wp-content\/uploads\/pietzcker\/Pietzcker-Alice-STALU-PA-122_26a-960x1417.jpg 960w, https:\/\/archivinfo.ch\/felsberg\/wp-content\/uploads\/pietzcker\/Pietzcker-Alice-STALU-PA-122_26a.jpg 1958w\" sizes=\"auto, (max-width: 339px) 100vw, 339px\" \/><\/a><figcaption id=\"caption-attachment-1143\" class=\"wp-caption-text\">Pietzcker, Alice, in der Tracht der Rudolfinnerinnen (STALU PA 122\/26)<\/figcaption><\/figure>\n<p>1911 tritt sie in das \"Rudolfinerhaus\" in Wien\u00a0ein, einer Schwesternschule und Krankenhaus.\u00a0Die \"grauen Schwestern\", wie die Rudolfinerinnen wegen ihrer Tracht genannt wurden, waren Laienschwestern.\u00a01917 legt sie die Staatspr\u00fcfung ab.\u00a01918 bis 1938 ist sie Oberin der Schwesternvereinigung der Rudolfinnerinnen (\"Oberin Dominika Pietzcker\")<sup><a href=\"#footnote_1_326\" id=\"identifier_1_326\" class=\"footnote-link footnote-identifier-link\" title=\"eine Ihrer Vorg&auml;ngerin war Sarolta Apor de Altorja, 1910-1914 &quot;Oberin Marie Caroline&quot;. Sie war vermutlich die Tante von Alice (http:\/\/genealogy.euweb.cz\/hung\/apor3.html)\">1<\/a><\/sup>. Sie leitet der Schule und unterrichtet u.a. \"Ethik und Geschichte der Krankenpflege\". Sie engagiert sich im \"Weltbund der Krankenpflegerinnen\" f\u00fcr die Gesundheit der Pflegerinnen und Pflegesch\u00fclerinnen und f\u00fchrte eine internationale Studie zum Gesundheitszustand des lernenden und ausgebildeten Pflegepersonals durch.<sup><a href=\"#footnote_2_326\" id=\"identifier_2_326\" class=\"footnote-link footnote-identifier-link\" title=\"http:\/\/www.campus-rudolfinerhaus.ac.at\/wir-ueber-uns\/geschichte\">2<\/a><\/sup>\u00a0Nach dem deutschen Einmarsch in \u00d6sterreich kehrt sie \u00a0im M\u00e4rz 1938, um ihrer Verfolgung zu entgehen, \u00fcber Ungarn und Italien\u00a0in die Schweiz\u00a0zur\u00fcck.<sup><a href=\"#footnote_3_326\" id=\"identifier_3_326\" class=\"footnote-link footnote-identifier-link\" title=\"Elisabeth Seidl, &quot;DRK-Billrothschwesternschaft&quot; im Nationalsozialismus. Das Rudolfinerhaus in Wien aus zeitgeschichtlicher Perspektive. In: Elisabeth Seidl und Ilsemarie Walter (Hrsg.), R&uuml;ckblick f&uuml;r die Zukunft. Beitr&auml;ge zur historischen Pflegeforschung (Wien 1998) 143-168. Dort Seite 150, zitiert in:&nbsp;Walter Ilsemarie,&nbsp;Auswirkungen des &ldquo;Anschlusses&rdquo; auf die &ouml;sterreichische&nbsp; Krankenpflege\">3<\/a><\/sup><\/p>\n<figure id=\"attachment_1144\" aria-describedby=\"caption-attachment-1144\" style=\"width: 362px\" class=\"wp-caption aligncenter\"><a href=\"http:\/\/archivinfo.ch\/felsberg\/pietzcker\/alice-pietzcker\/pietzcker-alice-stalu-pa-122_26b\/\"><img loading=\"lazy\" decoding=\"async\" class=\"wp-image-1144 size-medium\" src=\"http:\/\/archivinfo.ch\/felsberg\/wp-content\/uploads\/pietzcker\/Pietzcker-Alice-STALU-PA-122_26b-362x500.jpg\" alt=\"\" width=\"362\" height=\"500\" srcset=\"https:\/\/archivinfo.ch\/felsberg\/wp-content\/uploads\/pietzcker\/Pietzcker-Alice-STALU-PA-122_26b-362x500.jpg 362w, https:\/\/archivinfo.ch\/felsberg\/wp-content\/uploads\/pietzcker\/Pietzcker-Alice-STALU-PA-122_26b-109x150.jpg 109w, https:\/\/archivinfo.ch\/felsberg\/wp-content\/uploads\/pietzcker\/Pietzcker-Alice-STALU-PA-122_26b-768x1060.jpg 768w, https:\/\/archivinfo.ch\/felsberg\/wp-content\/uploads\/pietzcker\/Pietzcker-Alice-STALU-PA-122_26b-742x1024.jpg 742w, https:\/\/archivinfo.ch\/felsberg\/wp-content\/uploads\/pietzcker\/Pietzcker-Alice-STALU-PA-122_26b-960x1325.jpg 960w\" sizes=\"auto, (max-width: 362px) 100vw, 362px\" \/><\/a><figcaption id=\"caption-attachment-1144\" class=\"wp-caption-text\">Pietzcker, Alice, in der Tracht der Rudolfinnerinnen, mit Kette der Oberin? (STALU PA 122\/26)<\/figcaption><\/figure>\n<figure id=\"attachment_1142\" aria-describedby=\"caption-attachment-1142\" style=\"width: 350px\" class=\"wp-caption aligncenter\"><a href=\"http:\/\/archivinfo.ch\/felsberg\/pietzcker\/alice-pietzcker\/pietzcker-alice-stalu-pa-122_26d\/\"><img loading=\"lazy\" decoding=\"async\" class=\"wp-image-1142 size-medium\" src=\"http:\/\/archivinfo.ch\/felsberg\/wp-content\/uploads\/pietzcker\/Pietzcker-Alice-STALU-PA-122_26d-350x500.jpg\" alt=\"\" width=\"350\" height=\"500\" srcset=\"https:\/\/archivinfo.ch\/felsberg\/wp-content\/uploads\/pietzcker\/Pietzcker-Alice-STALU-PA-122_26d-350x500.jpg 350w, https:\/\/archivinfo.ch\/felsberg\/wp-content\/uploads\/pietzcker\/Pietzcker-Alice-STALU-PA-122_26d-105x150.jpg 105w, https:\/\/archivinfo.ch\/felsberg\/wp-content\/uploads\/pietzcker\/Pietzcker-Alice-STALU-PA-122_26d-768x1096.jpg 768w, https:\/\/archivinfo.ch\/felsberg\/wp-content\/uploads\/pietzcker\/Pietzcker-Alice-STALU-PA-122_26d-717x1024.jpg 717w, https:\/\/archivinfo.ch\/felsberg\/wp-content\/uploads\/pietzcker\/Pietzcker-Alice-STALU-PA-122_26d-960x1371.jpg 960w, https:\/\/archivinfo.ch\/felsberg\/wp-content\/uploads\/pietzcker\/Pietzcker-Alice-STALU-PA-122_26d.jpg 1859w\" sizes=\"auto, (max-width: 350px) 100vw, 350px\" \/><\/a><figcaption id=\"caption-attachment-1142\" class=\"wp-caption-text\">Pietzcker, Alice, in der Tracht der Rudolfinnerinnen, mit der Anh\u00e4nger\/Kette der Oberin (STALU PA 122\/26)<\/figcaption><\/figure>\n<p>Bereits 1905 nach dem Tod ihrer Grossmutter\u00a0<a href=\"..\/jeannette-hippenmeyer\/\">Jeannette Hippenmeyer<\/a>\u00a0wurde Alice \u00a0Teilhaberin der Pension (da noch nicht vollj\u00e4hrig allerdings mit Beistand von Oberst Ulrich Wille). Von 1905-1940 war aber ihre Mutter <a href=\"..\/margaretha-apor-de-altorja\/\">Marguerite<\/a> einzige Vertreterin der Gesellschaft,\u00a0erst nach ihrem Tod 1940 f\u00fchrte Alice Pietzker die Prokura. Nach dem\u00a0Verkauf an Stadt 1943 vermietete sie noch einige wenige Betten in der verbliebenen Villa \u00a0Felsberg.<\/p>\n<p>1951 wurde die Gesellschaft (nun noch mit den Gesellschafterinnen Alice Pietzcker, Jeanne Pietzcker und Marguerite Henrici-Pietzcker) gel\u00f6scht.<\/p>\n<p>Alice lebte bis zu ihrem Tod in der Villa Felsberg an der Felsbergstrasse 20.<\/p>\n<p>Am 17. Januar 1976 stirbt sie in Luzern.<\/p>\n<p>Werke:<\/p>\n<ul>\n<li>Pietzcker, Dominika: Die Pflegerinnenschule des Rudolfinerhauses. In: \"50 Jahre Rudolfinerhaus in Wien 1882 \u2013 1932\". Wiener Medizinische Wochenschrift 1932, Seiten <a href=\"http:\/\/anno.onb.ac.at\/cgi-content\/anno-plus?aid=wmw&amp;datum=1932&amp;page=636&amp;size=45\" target=\"_blank\" rel=\"noopener noreferrer\">705-717<\/a>.<\/li>\n<li>Pietzcker, Dominika, Pflegerinnenschulen und deren Organisation in \u00d6sterreich. In: Liga der Rotkreuzgesellschaften (Hrsg.), Kommission f\u00fcr Pflegewesen. Zweite Konferenz der Rotkreuzgesellschaften von Mittel- und Osteuropa, Wien 11. - 15. Mai 1925 (Paris 1925) 55.<\/li>\n<\/ul>\n<p>Detailliertere Informationen zur Person und zur weiteren Verwandtschaft finden sich im separaten <a href=\"http:\/\/www.archivinfo.ch\/pietzker\/index.html\" target=\"_blank\" rel=\"noopener noreferrer\">Stammbaum<\/a>.<\/p>\n<p><em>Diese Seite zuletzt ge\u00e4ndert: 2017-09-02<\/em><\/p>\n<ol class=\"footnotes\"><li id=\"footnote_1_326\" class=\"footnote\">eine Ihrer Vorg\u00e4ngerin war Sarolta Apor de Altorja, 1910-1914 \"Oberin Marie Caroline\". Sie war vermutlich die Tante von Alice (<a href=\"http:\/\/genealogy.euweb.cz\/hung\/apor3.html\" target=\"_blank\" rel=\"noopener noreferrer\">http:\/\/genealogy.euweb.cz\/hung\/apor3.html<\/a>) <span class=\"footnote-back-link-wrapper\">[<a href=\"#identifier_1_326\" class=\"footnote-link footnote-back-link\">&#8617;<\/a>]<\/span><\/li><li id=\"footnote_2_326\" class=\"footnote\"><a href=\"http:\/\/www.campus-rudolfinerhaus.ac.at\/wir-ueber-uns\/geschichte\/#link-3\" target=\"_blank\" rel=\"noopener noreferrer\">http:\/\/www.campus-rudolfinerhaus.ac.at\/wir-ueber-uns\/geschichte<\/a><span class=\"footnote-back-link-wrapper\">[<a href=\"#identifier_2_326\" class=\"footnote-link footnote-back-link\">&#8617;<\/a>]<\/span><\/li><li id=\"footnote_3_326\" class=\"footnote\">Elisabeth Seidl, \"DRK-Billrothschwesternschaft\" im Nationalsozialismus. Das Rudolfinerhaus in Wien aus zeitgeschichtlicher Perspektive. In: Elisabeth Seidl und Ilsemarie Walter (Hrsg.), R\u00fcckblick f\u00fcr die Zukunft. Beitr\u00e4ge zur historischen Pflegeforschung (Wien 1998) 143-168. Dort Seite 150, zitiert in:\u00a0Walter Ilsemarie,\u00a0Auswirkungen des \u201cAnschlusses\u201d auf die \u00f6sterreichische\u00a0 Krankenpflege<span class=\"footnote-back-link-wrapper\">[<a href=\"#identifier_3_326\" class=\"footnote-link footnote-back-link\">&#8617;<\/a>]<\/span><\/li><\/ol>","protected":false},"excerpt":{"rendered":"<p>Alice (Schwester \/ Oberin Dominika) Pietzcker Alice Margaretha Pietzcker wird am 23. September 1887 in Luzern als Tochter des Hermann Alexander Pietzcker und der Margaretha Apor de Altorja\u00a0geboren. 1911 tritt sie in das \"Rudolfinerhaus\" in Wien\u00a0ein, einer Schwesternschule und Krankenhaus.\u00a0Die \"grauen Schwestern\", wie die Rudolfinerinnen wegen ihrer Tracht genannt wurden, waren Laienschwestern.\u00a01917 legt sie die <a href=\"https:\/\/archivinfo.ch\/felsberg\/pietzcker\/alice-pietzcker\/\" class=\"more-link\">\u2026weiterlesen<span class=\"screen-reader-text\"> &gt;&gt; Alice Pietzcker\"<\/span><\/a><\/p>\n","protected":false},"author":1,"featured_media":0,"parent":228,"menu_order":8,"comment_status":"closed","ping_status":"closed","template":"","meta":{"footnotes":""},"class_list":["post-326","page","type-page","status-publish","h-entry","hentry","h-as-page"],"_links":{"self":[{"href":"https:\/\/archivinfo.ch\/felsberg\/wp-json\/wp\/v2\/pages\/326","targetHints":{"allow":["GET"]}}],"collection":[{"href":"https:\/\/archivinfo.ch\/felsberg\/wp-json\/wp\/v2\/pages"}],"about":[{"href":"https:\/\/archivinfo.ch\/felsberg\/wp-json\/wp\/v2\/types\/page"}],"author":[{"embeddable":true,"href":"https:\/\/archivinfo.ch\/felsberg\/wp-json\/wp\/v2\/users\/1"}],"replies":[{"embeddable":true,"href":"https:\/\/archivinfo.ch\/felsberg\/wp-json\/wp\/v2\/comments?post=326"}],"version-history":[{"count":1,"href":"https:\/\/archivinfo.ch\/felsberg\/wp-json\/wp\/v2\/pages\/326\/revisions"}],"predecessor-version":[{"id":3775,"href":"https:\/\/archivinfo.ch\/felsberg\/wp-json\/wp\/v2\/pages\/326\/revisions\/3775"}],"up":[{"embeddable":true,"href":"https:\/\/archivinfo.ch\/felsberg\/wp-json\/wp\/v2\/pages\/228"}],"wp:attachment":[{"href":"https:\/\/archivinfo.ch\/felsberg\/wp-json\/wp\/v2\/media?parent=326"}],"curies":[{"name":"wp","href":"https:\/\/api.w.org\/{rel}","templated":true}]}}