{"id":231,"date":"2017-02-12T13:43:11","date_gmt":"2017-02-12T12:43:11","guid":{"rendered":"http:\/\/archivinfo.ch\/fb\/?page_id=231"},"modified":"2019-04-18T21:54:28","modified_gmt":"2019-04-18T19:54:28","slug":"schulhaus","status":"publish","type":"page","link":"https:\/\/archivinfo.ch\/felsberg\/varia\/schulhaus\/","title":{"rendered":"Schulhaus"},"content":{"rendered":"<h2><span class=\"ez-toc-section\" id=\"Schulhaus\"><\/span>Schulhaus<span class=\"ez-toc-section-end\"><\/span><\/h2><div id=\"ez-toc-container\" class=\"ez-toc-v2_0_82_2 counter-hierarchy ez-toc-counter ez-toc-custom ez-toc-container-direction\">\n<nav><ul class='ez-toc-list ez-toc-list-level-1 ' ><li class='ez-toc-page-1 ez-toc-heading-level-2'><a class=\"ez-toc-link ez-toc-heading-1\" href=\"https:\/\/archivinfo.ch\/felsberg\/varia\/schulhaus\/#Schulhaus\" >Schulhaus<\/a><ul class='ez-toc-list-level-3' ><li class='ez-toc-heading-level-3'><a class=\"ez-toc-link ez-toc-heading-2\" href=\"https:\/\/archivinfo.ch\/felsberg\/varia\/schulhaus\/#Das_Schulhaus\" >Das Schulhaus<\/a><\/li><li class='ez-toc-page-1 ez-toc-heading-level-3'><a class=\"ez-toc-link ez-toc-heading-3\" href=\"https:\/\/archivinfo.ch\/felsberg\/varia\/schulhaus\/#Der_Bau\" >Der Bau<\/a><\/li><li class='ez-toc-page-1 ez-toc-heading-level-3'><a class=\"ez-toc-link ez-toc-heading-4\" href=\"https:\/\/archivinfo.ch\/felsberg\/varia\/schulhaus\/#Kunst_im_Aussenraum\" >Kunst im Aussenraum<\/a><\/li><li class='ez-toc-page-1 ez-toc-heading-level-3'><a class=\"ez-toc-link ez-toc-heading-5\" href=\"https:\/\/archivinfo.ch\/felsberg\/varia\/schulhaus\/#Weiterfuehrende_Literatur_und_Quellen\" >Weiterf\u00fchrende Literatur und Quellen<\/a><\/li><\/ul><\/li><\/ul><\/nav><\/div>\n\n<h3><span class=\"ez-toc-section\" id=\"Das_Schulhaus\"><\/span>Das Schulhaus<span class=\"ez-toc-section-end\"><\/span><\/h3>\n<p>Die Schulanlage Felsberg<sup><a href=\"#footnote_1_231\" id=\"identifier_1_231\" class=\"footnote-link footnote-identifier-link\" title=\"wo nicht detailliert zitiert aus: Website Schulhaus Felsberg, Geschichte des Hauses, &nbsp;URL: http:\/\/felsberg.vsluzern.ch\/index.php\/unsere-schule\/geschichte-des-hauses (letztmals besucht 17.1.2017)\">1<\/a><\/sup>\u00a0mit Baujahr 1946\/48 ist ein charakteristisches Quartierschulhaus und liegt in einer Parklandschaft an pr\u00e4chtiger Aussichtslage. Gr\u00fcne Wiesen und ein alter Baumbestand laden zum Verweilen ein. Die Pavillonbauweise stellt eine Gegenbewegung zu den damals \u00fcblichen Kasernenbauten dar. Die ganze Anlage ist \u00fcberschaubar, kinderfreundlich und f\u00fcgt sich gut ins Quartier ein.<\/p>\n<p>Die drei Pavillons mit je vier Schulzimmern und einer separaten Turnhalle mit Fussballwiese liegen abgestuft zwischen Abendweg und Felsbergstrasse. \u00a0Jeder Pavillon verf\u00fcgt \u00fcber einen eigenen Pausenplatz. Die angrenzende Wiese mit Spielplatz wird von den Sch\u00fclerinnen und Sch\u00fclern auch in ihrer Freizeit rege benutzt. Der urspr\u00fcngliche Name des Siegerprojekts \u00abKind im Park\u00bb hat bis heute nichts von seiner Bedeutung verloren. Der alte Baumbestand macht der Bezeichnung \u00abPark\u00bb alle Ehre.<\/p>\n<h3><span class=\"ez-toc-section\" id=\"Der_Bau\"><\/span>Der Bau<span class=\"ez-toc-section-end\"><\/span><\/h3>\n<p>Kurz nach Ende des 2. Weltkrieges wurde aus dem l\u00e4ndlichen Wesemlin ein kleines Dorf. Familien mit Kindern entdeckten das Wohnen \u00abim Gr\u00fcnen\u00bb an der Peripherie der Stadt Luzern. Der hohe Anteil zugezogener Sch\u00fclerinnen und Sch\u00fcler und die Klassenbest\u00e4nde in den bestehenden Schulh\u00e4usern der Stadt (mit zum Teil \u00fcber 50 Kindern) verlangten nach einer L\u00f6sung: Die ganze Liegenschaft Felsberg mit 18'500m<sup>2<\/sup> Fl\u00e4che konnte f\u00fcr Fr. 700'000.- von der Erbgemeinschaft Pietzker erworben werden. Der ausgeschriebene Architektur-Wettbewerb brachte 43 Projekte ein. Emil Jauch, der Sieger, realisierte zusammen mit Erwin B\u00fcrgi, dem Zweitplatzierten, seine Idee \u00abKind im Park\u00bb. Die\u00a0Bauzeit in drei Etappen dauerte von 1. Juli 1946 bis Januar 1948.<sup><a href=\"#footnote_2_231\" id=\"identifier_2_231\" class=\"footnote-link footnote-identifier-link\" title=\"Bauzeitung 68 (1950), 471-475\">2<\/a><\/sup> Das Schulhaus wurde 1947 provisorisch bezogen,<sup><a href=\"#footnote_3_231\" id=\"identifier_3_231\" class=\"footnote-link footnote-identifier-link\" title=\"Luzerner Tagblatt 26.4.1947\">3<\/a><\/sup> die Turnhalle war\u00a0erst ein Jahr sp\u00e4ter fertig, sodass im Schulzimmer oder im Alten Friedhof geturnt wurde. Die gesamte Baurechnung (inkl. Mobiliar, Umgebungsarbeiten und Bronze-Plastik) betrug Fr. 2'316'967.38. Eigentliche Architektur-Wallfahrten soll es in den F\u00fcnfziger-Jahren gegeben haben: Das Schulhaus Felsberg auf dem Wesemlin war ein Vorbild in der Architektur: Es dr\u00fcckte das \u00e4sthetische Empfinden der Zeit aus, gen\u00fcgte den funktionellen Anforderungen und f\u00fcgte sich wunderbar in den Raum ein.<\/p>\n<p>Die in die Jahre gekommene Schulanlage wurde 2014-2016 saniert und mit einem Neubau an der Stelle des <a href=\"..\/..\/gebaeude\/pavillon\/\">Pavillon<\/a> erweitert. Die <a href=\"https:\/\/da.lu.ch\/denkmalpflege\/Abgeschlossene_Restaurierungen\/2016\/Luzern_Felsberg\" target=\"_blank\" rel=\"noopener noreferrer\">Gesamtsanierung<\/a> wurde vom Architekturb\u00fcro Menzi B\u00fcrgler durchgef\u00fchrt. Durch eine 2019 erschienene Publikation wurde dies \u00f6ffentlich dokumentiert.<\/p>\n<h3><span class=\"ez-toc-section\" id=\"Kunst_im_Aussenraum\"><\/span>Kunst im Aussenraum<span class=\"ez-toc-section-end\"><\/span><\/h3>\n<p>Teil der k\u00fcnstlerischen Ausgestaltung war\u00a01948 ein Brunnen mit Bronzefigur (Seepferdchen) von Paul Kyburz.<sup><a href=\"#footnote_4_231\" id=\"identifier_4_231\" class=\"footnote-link footnote-identifier-link\" title=\"Luzerner Tagblattt 11.8.1948)\">4<\/a><\/sup> 1953 wurde er entfernt.<\/p>\n<figure id=\"attachment_649\" aria-describedby=\"caption-attachment-649\" style=\"width: 500px\" class=\"wp-caption aligncenter\"><a href=\"http:\/\/archivinfo.ch\/felsberg\/varia\/schulhaus\/schulhaus-aus-oberhaensli_186\/\" rel=\"attachment wp-att-649\"><img loading=\"lazy\" decoding=\"async\" class=\"wp-image-649 size-medium\" src=\"http:\/\/archivinfo.ch\/felsberg\/wp-content\/uploads\/schulhaus\/Schulhaus-aus-Oberhaensli_186-500x328.jpg\" alt=\"\" width=\"500\" height=\"328\" srcset=\"https:\/\/archivinfo.ch\/felsberg\/wp-content\/uploads\/schulhaus\/Schulhaus-aus-Oberhaensli_186-500x328.jpg 500w, https:\/\/archivinfo.ch\/felsberg\/wp-content\/uploads\/schulhaus\/Schulhaus-aus-Oberhaensli_186-150x98.jpg 150w, https:\/\/archivinfo.ch\/felsberg\/wp-content\/uploads\/schulhaus\/Schulhaus-aus-Oberhaensli_186-768x503.jpg 768w, https:\/\/archivinfo.ch\/felsberg\/wp-content\/uploads\/schulhaus\/Schulhaus-aus-Oberhaensli_186-1024x671.jpg 1024w, https:\/\/archivinfo.ch\/felsberg\/wp-content\/uploads\/schulhaus\/Schulhaus-aus-Oberhaensli_186-960x629.jpg 960w\" sizes=\"auto, (max-width: 500px) 100vw, 500px\" \/><\/a><figcaption id=\"caption-attachment-649\" class=\"wp-caption-text\">Abb. aus Oberh\u00e4nsli, S. 186. Original SALU<\/figcaption><\/figure>\n<p>1955 wurde er ersetzt durch die\u00a0Plastik \u00abDas F\u00fcllen\u00bb, von Roland Duss. Als\u00a0Gipsmodell stand sie an der Schweizerischen landdwirtschaftlichen Ausstellung in Luzern 1954, die Ausf\u00fchrung erfolgte 1955.<sup><a href=\"#footnote_5_231\" id=\"identifier_5_231\" class=\"footnote-link footnote-identifier-link\" title=\"Luzerner Tagblatt, 3.6.1955, in&nbsp;Rickenbach, Seite 25\">5<\/a><\/sup><\/p>\n<h3><span class=\"ez-toc-section\" id=\"Weiterfuehrende_Literatur_und_Quellen\"><\/span>Weiterf\u00fchrende Literatur und Quellen<span class=\"ez-toc-section-end\"><\/span><\/h3>\n<ul>\n<li>Fit f\u00fcr die Zukunft. Umbau und Gesamtrestaurierung der Schulanlage Felsberg in Luzern. Luzern 2019 (= Schriftenreihe Kantonale Denkmalpflege Luzern; 2)<\/li>\n<li>Oberh\u00e4nsli, This. Vom \"Eselstall\" zum Pavillonschulhaus: Volksschulhausbauten anhand ausgew. Luzerner Beispiele zwischen 1850 und 1950. Luzern 1996 (= Beitr\u00e4ge zur Luzerner Stadtgeschichte; Bd. 10) speziell zum Felsberg: Seiten 179-200 und 245.<\/li>\n<li>INSA 6, Bern 1991, 454<\/li>\n<\/ul>\n<ul>\n<li>Schweizerische Bauzeitung, 122 (1943) S. 307 [Ausschreibung Wettbewerb]; 124 (1944) S. 12, 25, 52, 109, 182-185, 196-199 [Wettbewerbsentscheid, Wettbewerbsverl\u00e4ngerung, Bericht, Projekte]; 68 (1950) S. 471-475 [Baubeschrieb mit Abbildungen]<\/li>\n<li>Werk, 36 (1949) 207-215 [Baubeschrieb mit Abbildungen]<\/li>\n<li>[Eingriffe in Gestaltung des Felsbergschulhauses] LNN 16.4.1953<\/li>\n<li>Werk 40 (1953), 113<\/li>\n<li>Luzerner Tagblatt, 13.2.1960, 25.5.1961<\/li>\n<li>Werk 55 (1968) 62<\/li>\n<li>LNN 19.3.1976<\/li>\n<\/ul>\n<ul>\n<li>SALU, H\u00e4userchronik<\/li>\n<li>SALU, B3.31\/A 120 - 120.1: Erstellung 1943-1955<\/li>\n<li>SALU, B3.31\/A1.65 1946: Schulhausbau<\/li>\n<li>SALU, F2a Felsbergstrasse (Photosammlung)<\/li>\n<li>StALU AKT 411\/2019: Subventionierung Wettbewerb\/Bau, 1943-1955<\/li>\n<\/ul>\n<ol class=\"footnotes\"><li id=\"footnote_1_231\" class=\"footnote\">wo nicht detailliert zitiert aus: Website Schulhaus Felsberg, Geschichte des Hauses, \u00a0URL: http:\/\/felsberg.vsluzern.ch\/index.php\/unsere-schule\/geschichte-des-hauses (letztmals besucht 17.1.2017) <span class=\"footnote-back-link-wrapper\">[<a href=\"#identifier_1_231\" class=\"footnote-link footnote-back-link\">&#8617;<\/a>]<\/span><\/li><li id=\"footnote_2_231\" class=\"footnote\">Bauzeitung 68 (1950), 471-475<span class=\"footnote-back-link-wrapper\">[<a href=\"#identifier_2_231\" class=\"footnote-link footnote-back-link\">&#8617;<\/a>]<\/span><\/li><li id=\"footnote_3_231\" class=\"footnote\">Luzerner Tagblatt 26.4.1947<span class=\"footnote-back-link-wrapper\">[<a href=\"#identifier_3_231\" class=\"footnote-link footnote-back-link\">&#8617;<\/a>]<\/span><\/li><li id=\"footnote_4_231\" class=\"footnote\">Luzerner Tagblattt 11.8.1948) <span class=\"footnote-back-link-wrapper\">[<a href=\"#identifier_4_231\" class=\"footnote-link footnote-back-link\">&#8617;<\/a>]<\/span><\/li><li id=\"footnote_5_231\" class=\"footnote\">Luzerner Tagblatt, 3.6.1955, in\u00a0Rickenbach, Seite 25<span class=\"footnote-back-link-wrapper\">[<a href=\"#identifier_5_231\" class=\"footnote-link footnote-back-link\">&#8617;<\/a>]<\/span><\/li><\/ol>","protected":false},"excerpt":{"rendered":"<p>Schulhaus Das Schulhaus Die Schulanlage Felsberg1\u00a0mit Baujahr 1946\/48 ist ein charakteristisches Quartierschulhaus und liegt in einer Parklandschaft an pr\u00e4chtiger Aussichtslage. Gr\u00fcne Wiesen und ein alter Baumbestand laden zum Verweilen ein. Die Pavillonbauweise stellt eine Gegenbewegung zu den damals \u00fcblichen Kasernenbauten dar. Die ganze Anlage ist \u00fcberschaubar, kinderfreundlich und f\u00fcgt sich gut ins Quartier ein. Die <a href=\"https:\/\/archivinfo.ch\/felsberg\/varia\/schulhaus\/\" class=\"more-link\">\u2026weiterlesen<span class=\"screen-reader-text\"> Schulhaus\"<\/span><\/a><\/p>\n","protected":false},"author":1,"featured_media":0,"parent":233,"menu_order":54,"comment_status":"closed","ping_status":"closed","template":"","meta":{"footnotes":""},"class_list":["post-231","page","type-page","status-publish","h-entry","hentry","h-as-page"],"_links":{"self":[{"href":"https:\/\/archivinfo.ch\/felsberg\/wp-json\/wp\/v2\/pages\/231","targetHints":{"allow":["GET"]}}],"collection":[{"href":"https:\/\/archivinfo.ch\/felsberg\/wp-json\/wp\/v2\/pages"}],"about":[{"href":"https:\/\/archivinfo.ch\/felsberg\/wp-json\/wp\/v2\/types\/page"}],"author":[{"embeddable":true,"href":"https:\/\/archivinfo.ch\/felsberg\/wp-json\/wp\/v2\/users\/1"}],"replies":[{"embeddable":true,"href":"https:\/\/archivinfo.ch\/felsberg\/wp-json\/wp\/v2\/comments?post=231"}],"version-history":[{"count":0,"href":"https:\/\/archivinfo.ch\/felsberg\/wp-json\/wp\/v2\/pages\/231\/revisions"}],"up":[{"embeddable":true,"href":"https:\/\/archivinfo.ch\/felsberg\/wp-json\/wp\/v2\/pages\/233"}],"wp:attachment":[{"href":"https:\/\/archivinfo.ch\/felsberg\/wp-json\/wp\/v2\/media?parent=231"}],"curies":[{"name":"wp","href":"https:\/\/api.w.org\/{rel}","templated":true}]}}