{"id":222,"date":"2017-02-12T13:38:57","date_gmt":"2017-02-12T12:38:57","guid":{"rendered":"http:\/\/archivinfo.ch\/fb\/?page_id=222"},"modified":"2025-06-28T17:53:00","modified_gmt":"2025-06-28T15:53:00","slug":"gaeste","status":"publish","type":"page","link":"https:\/\/archivinfo.ch\/felsberg\/pension\/gaeste\/","title":{"rendered":"G\u00e4ste (Allgemeines)"},"content":{"rendered":"<h2><span class=\"ez-toc-section\" id=\"Gaeste_aus_aller_Welt\"><\/span>G\u00e4ste aus aller Welt<span class=\"ez-toc-section-end\"><\/span><\/h2><div id=\"ez-toc-container\" class=\"ez-toc-v2_0_82_2 counter-hierarchy ez-toc-counter ez-toc-custom ez-toc-container-direction\">\n<nav><ul class='ez-toc-list ez-toc-list-level-1 ' ><li class='ez-toc-page-1 ez-toc-heading-level-2'><a class=\"ez-toc-link ez-toc-heading-1\" href=\"https:\/\/archivinfo.ch\/felsberg\/pension\/gaeste\/#Gaeste_aus_aller_Welt\" >G\u00e4ste aus aller Welt<\/a><ul class='ez-toc-list-level-3' ><li class='ez-toc-heading-level-3'><a class=\"ez-toc-link ez-toc-heading-2\" href=\"https:\/\/archivinfo.ch\/felsberg\/pension\/gaeste\/#Anzahl_der_Gaeste\" >Anzahl der G\u00e4ste<\/a><\/li><li class='ez-toc-page-1 ez-toc-heading-level-3'><a class=\"ez-toc-link ez-toc-heading-3\" href=\"https:\/\/archivinfo.ch\/felsberg\/pension\/gaeste\/#Kundengruppen_und_Dauergaeste\" >Kundengruppen und Dauerg\u00e4ste<\/a><\/li><\/ul><\/li><\/ul><\/nav><\/div>\n\n<h3><span class=\"ez-toc-section\" id=\"Anzahl_der_Gaeste\"><\/span>Anzahl der G\u00e4ste<span class=\"ez-toc-section-end\"><\/span><\/h3>\n<p>Eine detaillierte Auswertung zur <em>Anzahl<\/em> der G\u00e4ste ist ohne G\u00e4steb\u00fccher, Meldescheine o.\u00e4.\u00a0oder bestehende Statistiken kaum machbar.<\/p>\n<p>Hinweise auf einzelne G\u00e4ste geben die ver\u00f6ffentlichten, gedruckten Fremdenlisten.<sup><a href=\"#footnote_1_222\" id=\"identifier_1_222\" class=\"footnote-link footnote-identifier-link\" title=\"beim Fremdenblatt als haupts&auml;chlicher Inhalt, bei S&uuml;d und Nord als Beilage. Zur Geschichte der beiden Publikationen siehe Bossard-Borner, Vom Kulturkampf zur Belle Epoque, S. 194f., sowie Huber, S. Unter Druck, 158f.\">1<\/a><\/sup> Die Fremdenlisten sind jedoch schwer auswertbar, da sie in der Regel nur Namen und Herkunftsland<sup><a href=\"#footnote_2_222\" id=\"identifier_2_222\" class=\"footnote-link footnote-identifier-link\" title=\"zu den Herkunftsl&auml;ndern der Touristen f&uuml;r ganz Luzern: Huber, S. 228\">2<\/a><\/sup> angeben. Auch die G\u00e4stezahlen k\u00f6nnen nur gesch\u00e4tzt werden, da zahlreiche Namen \"mit Familie\" oder \"und Diener\" erg\u00e4nzt wurden.<\/p>\n<p>Weitere Namen kommen im H\u00e4userverzeichnisses ab 1891 vor, wo ein Teil der registrierten Personen mit der Berufsbezeichnung \"Privat\" wohl den (Langzeit)-G\u00e4sten zuzurechnen ist.<sup><a href=\"#footnote_3_222\" id=\"identifier_3_222\" class=\"footnote-link footnote-identifier-link\" title=\"Ein Vergleich zwischen H&auml;userverzeichnis und Fremdenblatt ist noch zu machen\">3<\/a><\/sup><\/p>\n<figure id=\"attachment_3430\" aria-describedby=\"caption-attachment-3430\" style=\"width: 1280px\" class=\"wp-caption aligncenter\"><a href=\"https:\/\/archivinfo.ch\/felsberg\/pension\/gaeste\/fremdenblatt-1870-pa-306_1\/\" rel=\"attachment wp-att-3430\"><img loading=\"lazy\" decoding=\"async\" class=\"wp-image-3430 size-full\" src=\"https:\/\/archivinfo.ch\/felsberg\/wp-content\/uploads\/varia\/Fremdenblatt-1870-PA-306_1.jpg\" alt=\"\" width=\"1280\" height=\"904\" srcset=\"https:\/\/archivinfo.ch\/felsberg\/wp-content\/uploads\/varia\/Fremdenblatt-1870-PA-306_1.jpg 1280w, https:\/\/archivinfo.ch\/felsberg\/wp-content\/uploads\/varia\/Fremdenblatt-1870-PA-306_1-500x353.jpg 500w, https:\/\/archivinfo.ch\/felsberg\/wp-content\/uploads\/varia\/Fremdenblatt-1870-PA-306_1-1024x723.jpg 1024w, https:\/\/archivinfo.ch\/felsberg\/wp-content\/uploads\/varia\/Fremdenblatt-1870-PA-306_1-150x106.jpg 150w, https:\/\/archivinfo.ch\/felsberg\/wp-content\/uploads\/varia\/Fremdenblatt-1870-PA-306_1-768x542.jpg 768w, https:\/\/archivinfo.ch\/felsberg\/wp-content\/uploads\/varia\/Fremdenblatt-1870-PA-306_1-960x678.jpg 960w\" sizes=\"auto, (max-width: 1280px) 100vw, 1280px\" \/><\/a><figcaption id=\"caption-attachment-3430\" class=\"wp-caption-text\">Fremdenblatt, Titelseite (Ausgabe 1870-06-21, STALU PA 306\/1)<\/figcaption><\/figure>\n<h3><span class=\"ez-toc-section\" id=\"Kundengruppen_und_Dauergaeste\"><\/span>Kundengruppen und Dauerg\u00e4ste<span class=\"ez-toc-section-end\"><\/span><\/h3>\n<p>Trotzdem hier einige Bemerkungen zu einzelnen Jahren, f\u00fcr die stichprobeweise die Fremdenlisten durchgesehen wurden:<\/p>\n<p><strong>1870<\/strong><sup><a href=\"#footnote_4_222\" id=\"identifier_4_222\" class=\"footnote-link footnote-identifier-link\" title=\"Fremdenblatt 1870, STALU PA 306\/1\">4<\/a><\/sup> ist die G\u00e4stezahl (entsprechend den 28 angegebenen Betten) noch \u00a0gering. Mehrheitlich stammen sie aus England: Nach dem Besuch der englischen K\u00f6nigin Victoria im Sommer 1868 wurde Luzern besonders bei englischen G\u00e4sten beliebt. Auffallend sind einige Langzeitg\u00e4ste, die sowohl in der ersten Liste vom 11. Juni wie auch in der letzten Liste am 29. September (Saisonende) erscheinen:<\/p>\n<ul>\n<li>Mr de Sarosynsky (Jaroschinsky) et famille, Russie<\/li>\n<li>Mme Ferragutti, Italie<\/li>\n<li>Mlle Cortazzi, Italie<\/li>\n<\/ul>\n<p><strong>1880<\/strong><sup><a href=\"#footnote_5_222\" id=\"identifier_5_222\" class=\"footnote-link footnote-identifier-link\" title=\"Fremdenblatt 1880, STALU PA 306\/6\">5<\/a><\/sup> ist die Herkunft der G\u00e4ste st\u00e4rker durchmischt. England macht sicher die Hauptzahl aus, daneben kommen aber auch G\u00e4ste aus Amerika und dem \u00f6stlichen Europa.\u00a0Als Langzeitg\u00e4ste von Mai bis September zu erw\u00e4hnen:<\/p>\n<ul>\n<li>Mr de Brandt, St. Petersburg<\/li>\n<li>Mrs und Miss Tasker, England<\/li>\n<li>Mrs und Miss Edwards, America<\/li>\n<li>Me la Baronne de Geussau avec fam. et dom., Vienne<\/li>\n<\/ul>\n<p>In mehreren\u00a0Listen <sup><a href=\"#footnote_6_222\" id=\"identifier_6_222\" class=\"footnote-link footnote-identifier-link\" title=\"15. Juni, 16. September, 25. September etc.\">6<\/a><\/sup> erscheint <em>Mme la Baronne d'Apor avec ses filles, Budapest<\/em>. Dies ist erw\u00e4hnenswert, da Hermann Alexander Pietzcker am\u00a010.1.1881 in Baden bei Wien\u00a0Margaretha Maria Franziska Johanna Apor de Altorja heiratet.<\/p>\n<p><strong>1890<\/strong><sup><a href=\"#footnote_7_222\" id=\"identifier_7_222\" class=\"footnote-link footnote-identifier-link\" title=\"Fremdenblatt 1890, STALU PA 306\/15\">7<\/a><\/sup>\u00a0stammen die G\u00e4ste aus England, aber auch zahlreichen weiteren L\u00e4ndern. Als Langzeitg\u00e4ste von Mai bis September zu erw\u00e4hnen:<\/p>\n<ul>\n<li>Hr v. Brandt, Petersburg<\/li>\n<li>Baron von Otterstedt, Berlin<\/li>\n<li>Miss Remond, Rome<\/li>\n<li>Mrs David Maitland and Miss Maitland and serv., London<\/li>\n<li>Miss Pillans, London<\/li>\n<li>Mr Cullum, London<\/li>\n<\/ul>\n<p>Die Pensionsg\u00e4ste bildeten eine \u00abselect society\u00bb.<sup><a href=\"#footnote_8_222\" id=\"identifier_8_222\" class=\"footnote-link footnote-identifier-link\" title=\"K&uuml;rzestbeschreibung der Pension Felsberg in: Hermann Alexander Berlepsch: Lucerne, the Lake of the four Cantons and the Gotthard, 1894.\">8<\/a><\/sup><\/p>\n<p><strong>1900<\/strong><sup><a href=\"#footnote_9_222\" id=\"identifier_9_222\" class=\"footnote-link footnote-identifier-link\" title=\"Fremdenblatt 1900, STALU PA 306\/26\">9<\/a><\/sup> ist die grosse Anzahl von G\u00e4sten auffallend. Wird die Anzahl der Betten\u00a0der Pension in der Einleitung zum Fremdenblatt<sup><a href=\"#footnote_10_222\" id=\"identifier_10_222\" class=\"footnote-link footnote-identifier-link\" title=\"Ausgabe vom 30. Juli 1900\">10<\/a><\/sup> noch mit 50 angegeben, finden sich auf der G\u00e4steliste \u00fcber 100 Namen (und diese umfassen in der Regel je 2 oder mehr Personen). Zugenommen hat die Zahl der G\u00e4ste aus den USA. Langzeitg\u00e4ste:<\/p>\n<ul>\n<li>Frau Manny, Halle<\/li>\n<li>Mr Michell, England<\/li>\n<li>Miss Michell, England<\/li>\n<li>Mr and Mrs Richards with child and maid, England<\/li>\n<li>Mrs Conrad, USA<\/li>\n<\/ul>\n<p><strong>1904\/05<\/strong><sup><a href=\"#footnote_11_222\" id=\"identifier_11_222\" class=\"footnote-link footnote-identifier-link\" title=\"S&uuml;d und Nord, STALU PA 306\/104\">11<\/a><\/sup> gibt es\u00a0auch in der\u00a0Wintersaison eine Anzahl G\u00e4ste. Langzeitg\u00e4ste<sup><a href=\"#footnote_12_222\" id=\"identifier_12_222\" class=\"footnote-link footnote-identifier-link\" title=\"20. Oktober 1904 und April 1905\">12<\/a><\/sup>:<\/p>\n<ul>\n<li>Frau Manny, Deutschland<\/li>\n<li>Mr. St. Lee, USA<\/li>\n<li>Mrs Richardson, USA<\/li>\n<li>Mrs Fitz Gerald with nurse and child, USA<\/li>\n<li>Mme la Comtesse et Mlles Palagi, Italie<\/li>\n<li>Mme la Comtesse et Mlles de Falzacappa, Rome<\/li>\n<\/ul>\n<p><strong>1910<\/strong><sup><a href=\"#footnote_13_222\" id=\"identifier_13_222\" class=\"footnote-link footnote-identifier-link\" title=\"Fremdenblatt 1900, STALU PA 306\/45-46\">13<\/a><\/sup> war das Spitzenjahr des Luzerner Fremdenverkehrs vor dem Ersten Weltkrieg<sup><a href=\"#footnote_14_222\" id=\"identifier_14_222\" class=\"footnote-link footnote-identifier-link\" title=\"Huber, S. 225\">14<\/a><\/sup>, auf dem Felsberg logierte eine grosse Anzahl von G\u00e4sten mehrheitlich aus den USA - sicher auch dank ansprechender Pressbebeschreibungen:<\/p>\n<figure id=\"attachment_2163\" aria-describedby=\"caption-attachment-2163\" style=\"width: 294px\" class=\"wp-caption aligncenter\"><a href=\"http:\/\/archivinfo.ch\/felsberg\/pension\/gaeste\/the-philadelphia-inquirer-1911-04-26\/\"><img loading=\"lazy\" decoding=\"async\" class=\"wp-image-2163 size-full\" src=\"http:\/\/archivinfo.ch\/felsberg\/wp-content\/uploads\/varia\/The-Philadelphia-Inquirer-1911-04-26.jpg\" alt=\"\" width=\"294\" height=\"67\" srcset=\"https:\/\/archivinfo.ch\/felsberg\/wp-content\/uploads\/varia\/The-Philadelphia-Inquirer-1911-04-26.jpg 294w, https:\/\/archivinfo.ch\/felsberg\/wp-content\/uploads\/varia\/The-Philadelphia-Inquirer-1911-04-26-150x34.jpg 150w\" sizes=\"auto, (max-width: 294px) 100vw, 294px\" \/><\/a><figcaption id=\"caption-attachment-2163\" class=\"wp-caption-text\">The Philadelphia Inquirer, 1911-04-26<\/figcaption><\/figure>\n<p><strong>1915<\/strong><sup><a href=\"#footnote_15_222\" id=\"identifier_15_222\" class=\"footnote-link footnote-identifier-link\" title=\"Fremdenblatt 1900, STALU PA 306\/54\">15<\/a><\/sup> ist die G\u00e4stezahl gering, sie kommen aus den USA, England, Frankreich. Vereinzelt gibt es auch Herkunftsangaben aus der Schweiz, was vorher eher selten war.<\/p>\n<p><strong>1916<\/strong> finden wir von Frankreich her kommend 2 Priester und mehrere Ordensschwestern, die teilweise \u00fcber mehrere Jahre hinweg im Pensionsgeb\u00e4ude an der Felsbergstrasse 15 und sp\u00e4ter im Chalet Reseda blieben.<sup><a href=\"#footnote_16_222\" id=\"identifier_16_222\" class=\"footnote-link footnote-identifier-link\" title=\"H&auml;userverzeichnis Felsbergstrasse 6, SALU B3.22\/B3.92\">16<\/a><\/sup><\/p>\n<p><strong>1917<\/strong><sup><a href=\"#footnote_17_222\" id=\"identifier_17_222\" class=\"footnote-link footnote-identifier-link\" title=\"Fremdenblatt 1917, STALU PA 306\/56\">17<\/a><\/sup> gibt es trotz der Angabe \"150 Betten\" nur wenige G\u00e4ste, darunter einige franz\u00f6sische Offiziere (Internierte?) sowie G\u00e4ste aus Frankreich und der Westschweiz .<\/p>\n<p><strong>1918<\/strong><sup><a href=\"#footnote_18_222\" id=\"identifier_18_222\" class=\"footnote-link footnote-identifier-link\" title=\"Fremdenblatt 1917, STALU PA 306\/57\">18<\/a><\/sup> beginnt mit noch weniger G\u00e4sten, gerade mal 5 Namen aus Deutschland \/ \u00d6sterreich \/ Ungarn. Die G\u00e4stezahlen nehmen erst ab Juli zu und verteilen sich dann auch auf weitere L\u00e4nder.<\/p>\n<p>Zu den G\u00e4sten geh\u00f6ren auch verschiedene deutsche Milit\u00e4rs (Leutnants), darunter Leutnant <a href=\"#Friedrich_Wilhelm_Murnau\">Murnau<\/a>.<\/p>\n<figure id=\"attachment_1934\" aria-describedby=\"caption-attachment-1934\" style=\"width: 181px\" class=\"wp-caption aligncenter\"><a href=\"http:\/\/archivinfo.ch\/felsberg\/pension\/gaeste\/stalu-pa-306_57-fremdenblatt-1918-08-21\/\"><img loading=\"lazy\" decoding=\"async\" class=\"size-medium wp-image-1934\" src=\"http:\/\/archivinfo.ch\/felsberg\/wp-content\/uploads\/varia\/STALU-PA-306_57-Fremdenblatt-1918-08-21-181x500.jpg\" alt=\"\" width=\"181\" height=\"500\" srcset=\"https:\/\/archivinfo.ch\/felsberg\/wp-content\/uploads\/varia\/STALU-PA-306_57-Fremdenblatt-1918-08-21-181x500.jpg 181w, https:\/\/archivinfo.ch\/felsberg\/wp-content\/uploads\/varia\/STALU-PA-306_57-Fremdenblatt-1918-08-21-54x150.jpg 54w, https:\/\/archivinfo.ch\/felsberg\/wp-content\/uploads\/varia\/STALU-PA-306_57-Fremdenblatt-1918-08-21-371x1024.jpg 371w, https:\/\/archivinfo.ch\/felsberg\/wp-content\/uploads\/varia\/STALU-PA-306_57-Fremdenblatt-1918-08-21.jpg 552w\" sizes=\"auto, (max-width: 181px) 100vw, 181px\" \/><\/a><figcaption id=\"caption-attachment-1934\" class=\"wp-caption-text\">Fremdenblatt, Ausschnitt zur Pension Felsberg (Ausgabe 1918-08-21, STALU PA 306\/57)<\/figcaption><\/figure>\n<p>Die habsburgische kaiserliche Familie besuchte 1918 die Pension Pietzcker auf dem Felsberg. <sup><a href=\"#footnote_19_222\" id=\"identifier_19_222\" class=\"footnote-link footnote-identifier-link\" title=\"Sprenger, Merk-w&uuml;rdige Frauen II, 90\">19<\/a><\/sup><\/p>\n<p>\u00dcber mehrere Monate wohnte an der Felsbergstrasse 15 der Berliner Maler Erich Oswald.<sup><a href=\"#footnote_16_222\" id=\"identifier_20_222\" class=\"footnote-link footnote-identifier-link\" title=\"H&auml;userverzeichnis Felsbergstrasse 6, SALU B3.22\/B3.92\">16<\/a><\/sup><\/p>\n<p><strong>1919<\/strong><sup><a href=\"#footnote_20_222\" id=\"identifier_21_222\" class=\"footnote-link footnote-identifier-link\" title=\"Fremdenblatt 1919, STALU PA 306\/58-59\">20<\/a><\/sup> finden wir zu Beginn\u00a0des Jahres (Listen 4. April bis 9. Mai 1919) nur deutsche G\u00e4ste, neben einzelnen Zivilisten handelt es um etwa 40 Offiziere, in erster Linie in Leutnantsr\u00e4ngen (siehe unten). Mitte Mai sind sie nicht mehr aufgef\u00fchrt. Die G\u00e4ste kommen aber weiterhin mehrheitlich aus Deutschland.<\/p>\n<p>Von Mai bis November finden wir als Langzeitg\u00e4ste Hr &amp; Fr Generalkonsul v. Stepski mit zwei Kindern und Erzieherin, M\u00e4hren.<\/p>\n<p>In der Liste vom 30. Mai 1919 taucht als Neuankunft f\u00fcr dieses Jahr\u00a0Miss O. Meyrowitz aus den USA auf. Sie ist bereits in fr\u00fcheren und auch in den folgenden Jahren immer wieder zu finden.\u00a0Olga Meyrowitz soll\u00a01911-1929 in Luzern auf dem Felsberg gelebt haben und wurde nach ihrem Tod auf dem englischen Friedhof in Meggen begraben <sup><a href=\"#footnote_21_222\" id=\"identifier_22_222\" class=\"footnote-link footnote-identifier-link\" title=\"aus: Testorelli, Renzo, Der englische Friedhof und die Brandt Kapelle in Meggen. 2016: S. 17?, Seite 72.\">21<\/a><\/sup>.<\/p>\n<p>Prinzessin Maria di Borbone aus Neapel logierte in der Pension Felsberg vom 23. 8. -15. 9. 1919:<sup><a href=\"#footnote_22_222\" id=\"identifier_23_222\" class=\"footnote-link footnote-identifier-link\" title=\"SALU, EK\/Ausl&auml;nderkartei (Mikrofilm)\">22<\/a><\/sup> Viele Personen aus dem europ\u00e4ischen Adel verbrachten Ferien in Luzern. Die Mitglieder von K\u00f6nigsh\u00e4usern in \u00a0der Regeln in den gr\u00f6sseren Hotels, der niedere Adel (Barone etc.) auch in Pensionen wie im Felsberg.<sup><a href=\"#footnote_23_222\" id=\"identifier_24_222\" class=\"footnote-link footnote-identifier-link\" title=\"z. B.&nbsp;Peter Ferdinand von &Ouml;sterreich-Toskana mit seiner Familie, der gem&auml;ss H&auml;userverzeichnis nur 12.-18.6.1919 in der Pension wohnte, dann aber l&auml;ngere Zeit in Luzern wohnte.\">23<\/a><\/sup><\/p>\n<p><strong>1922<\/strong><sup><a href=\"#footnote_24_222\" id=\"identifier_25_222\" class=\"footnote-link footnote-identifier-link\" title=\"Fremdenblatt 1917, STALU PA 306\/62\">24<\/a><\/sup> beginnt das Jahr gerade mal mit 3 G\u00e4sten im Januar, die Zahl nimmt dann aber wieder markant zu. Die G\u00e4ste kommen in erster Linie aus England und den USA. Eine grosse Zahl sind unverheiratete Frauen aus England.<\/p>\n<p>&nbsp;<\/p>\n<p><em>Diese Seite zuletzt ge\u00e4ndert: 2025-06-13<\/em><\/p>\n<ol class=\"footnotes\"><li id=\"footnote_1_222\" class=\"footnote\">beim Fremdenblatt als haupts\u00e4chlicher Inhalt, bei S\u00fcd und Nord als Beilage. Zur Geschichte der beiden Publikationen siehe Bossard-Borner, Vom Kulturkampf zur Belle Epoque, S. 194f., sowie Huber, S. Unter Druck, 158f.<span class=\"footnote-back-link-wrapper\">[<a href=\"#identifier_1_222\" class=\"footnote-link footnote-back-link\">&#8617;<\/a>]<\/span><\/li><li id=\"footnote_2_222\" class=\"footnote\">zu den Herkunftsl\u00e4ndern der Touristen f\u00fcr ganz Luzern: Huber, S. 228<span class=\"footnote-back-link-wrapper\">[<a href=\"#identifier_2_222\" class=\"footnote-link footnote-back-link\">&#8617;<\/a>]<\/span><\/li><li id=\"footnote_3_222\" class=\"footnote\">Ein Vergleich zwischen H\u00e4userverzeichnis und Fremdenblatt ist noch zu machen<span class=\"footnote-back-link-wrapper\">[<a href=\"#identifier_3_222\" class=\"footnote-link footnote-back-link\">&#8617;<\/a>]<\/span><\/li><li id=\"footnote_4_222\" class=\"footnote\">Fremdenblatt 1870, STALU PA 306\/1<span class=\"footnote-back-link-wrapper\">[<a href=\"#identifier_4_222\" class=\"footnote-link footnote-back-link\">&#8617;<\/a>]<\/span><\/li><li id=\"footnote_5_222\" class=\"footnote\">Fremdenblatt 1880, STALU PA 306\/6<span class=\"footnote-back-link-wrapper\">[<a href=\"#identifier_5_222\" class=\"footnote-link footnote-back-link\">&#8617;<\/a>]<\/span><\/li><li id=\"footnote_6_222\" class=\"footnote\">15. Juni, 16. September, 25. September etc.<span class=\"footnote-back-link-wrapper\">[<a href=\"#identifier_6_222\" class=\"footnote-link footnote-back-link\">&#8617;<\/a>]<\/span><\/li><li id=\"footnote_7_222\" class=\"footnote\">Fremdenblatt 1890, STALU PA 306\/15<span class=\"footnote-back-link-wrapper\">[<a href=\"#identifier_7_222\" class=\"footnote-link footnote-back-link\">&#8617;<\/a>]<\/span><\/li><li id=\"footnote_8_222\" class=\"footnote\">K\u00fcrzestbeschreibung der Pension Felsberg in: Hermann Alexander Berlepsch: Lucerne, the Lake of the four Cantons and the Gotthard, 1894. <span class=\"footnote-back-link-wrapper\">[<a href=\"#identifier_8_222\" class=\"footnote-link footnote-back-link\">&#8617;<\/a>]<\/span><\/li><li id=\"footnote_9_222\" class=\"footnote\">Fremdenblatt 1900, STALU PA 306\/26<span class=\"footnote-back-link-wrapper\">[<a href=\"#identifier_9_222\" class=\"footnote-link footnote-back-link\">&#8617;<\/a>]<\/span><\/li><li id=\"footnote_10_222\" class=\"footnote\">Ausgabe vom 30. Juli 1900<span class=\"footnote-back-link-wrapper\">[<a href=\"#identifier_10_222\" class=\"footnote-link footnote-back-link\">&#8617;<\/a>]<\/span><\/li><li id=\"footnote_11_222\" class=\"footnote\">S\u00fcd und Nord, STALU PA 306\/104<span class=\"footnote-back-link-wrapper\">[<a href=\"#identifier_11_222\" class=\"footnote-link footnote-back-link\">&#8617;<\/a>]<\/span><\/li><li id=\"footnote_12_222\" class=\"footnote\">20. Oktober 1904 und April 1905<span class=\"footnote-back-link-wrapper\">[<a href=\"#identifier_12_222\" class=\"footnote-link footnote-back-link\">&#8617;<\/a>]<\/span><\/li><li id=\"footnote_13_222\" class=\"footnote\">Fremdenblatt 1900, STALU PA 306\/45-46<span class=\"footnote-back-link-wrapper\">[<a href=\"#identifier_13_222\" class=\"footnote-link footnote-back-link\">&#8617;<\/a>]<\/span><\/li><li id=\"footnote_14_222\" class=\"footnote\">Huber, S. 225<span class=\"footnote-back-link-wrapper\">[<a href=\"#identifier_14_222\" class=\"footnote-link footnote-back-link\">&#8617;<\/a>]<\/span><\/li><li id=\"footnote_15_222\" class=\"footnote\">Fremdenblatt 1900, STALU PA 306\/54<span class=\"footnote-back-link-wrapper\">[<a href=\"#identifier_15_222\" class=\"footnote-link footnote-back-link\">&#8617;<\/a>]<\/span><\/li><li id=\"footnote_16_222\" class=\"footnote\">H\u00e4userverzeichnis Felsbergstrasse 6, SALU B3.22\/B3.92<span class=\"footnote-back-link-wrapper\">[<a href=\"#identifier_16_222\" class=\"footnote-link footnote-back-link\">&#8617;<\/a>]<\/span><span class=\"footnote-back-link-wrapper\">[<a href=\"#identifier_20_222\" class=\"footnote-link footnote-back-link\">&#8617;<\/a>]<\/span><\/li><li id=\"footnote_17_222\" class=\"footnote\">Fremdenblatt 1917, STALU PA 306\/56<span class=\"footnote-back-link-wrapper\">[<a href=\"#identifier_17_222\" class=\"footnote-link footnote-back-link\">&#8617;<\/a>]<\/span><\/li><li id=\"footnote_18_222\" class=\"footnote\">Fremdenblatt 1917, STALU PA 306\/57<span class=\"footnote-back-link-wrapper\">[<a href=\"#identifier_18_222\" class=\"footnote-link footnote-back-link\">&#8617;<\/a>]<\/span><\/li><li id=\"footnote_19_222\" class=\"footnote\">Sprenger, Merk-w\u00fcrdige Frauen II, 90<span class=\"footnote-back-link-wrapper\">[<a href=\"#identifier_19_222\" class=\"footnote-link footnote-back-link\">&#8617;<\/a>]<\/span><\/li><li id=\"footnote_20_222\" class=\"footnote\">Fremdenblatt 1919, STALU PA 306\/58-59<span class=\"footnote-back-link-wrapper\">[<a href=\"#identifier_21_222\" class=\"footnote-link footnote-back-link\">&#8617;<\/a>]<\/span><\/li><li id=\"footnote_21_222\" class=\"footnote\">aus: Testorelli, Renzo, Der englische Friedhof und die Brandt Kapelle in Meggen. 2016: S. 17?, Seite 72.<span class=\"footnote-back-link-wrapper\">[<a href=\"#identifier_22_222\" class=\"footnote-link footnote-back-link\">&#8617;<\/a>]<\/span><\/li><li id=\"footnote_22_222\" class=\"footnote\">SALU, EK\/Ausl\u00e4nderkartei (Mikrofilm) <span class=\"footnote-back-link-wrapper\">[<a href=\"#identifier_23_222\" class=\"footnote-link footnote-back-link\">&#8617;<\/a>]<\/span><\/li><li id=\"footnote_23_222\" class=\"footnote\">z. B.\u00a0<span class=\"mw-page-title-main\"><a href=\"https:\/\/de.wikipedia.org\/wiki\/Peter_Ferdinand_von_\u00d6sterreich-Toskana\">Peter Ferdinand von \u00d6sterreich-Toskana<\/a> mit seiner Familie, der gem\u00e4ss H\u00e4userverzeichnis nur 12.-18.6.1919 in der Pension wohnte, dann aber l\u00e4ngere Zeit in Luzern wohnte.<\/span><span class=\"footnote-back-link-wrapper\">[<a href=\"#identifier_24_222\" class=\"footnote-link footnote-back-link\">&#8617;<\/a>]<\/span><\/li><li id=\"footnote_24_222\" class=\"footnote\">Fremdenblatt 1917, STALU PA 306\/62<span class=\"footnote-back-link-wrapper\">[<a href=\"#identifier_25_222\" class=\"footnote-link footnote-back-link\">&#8617;<\/a>]<\/span><\/li><\/ol>","protected":false},"excerpt":{"rendered":"<p>G\u00e4ste aus aller Welt Anzahl der G\u00e4ste Eine detaillierte Auswertung zur Anzahl der G\u00e4ste ist ohne G\u00e4steb\u00fccher, Meldescheine o.\u00e4.\u00a0oder bestehende Statistiken kaum machbar. Hinweise auf einzelne G\u00e4ste geben die ver\u00f6ffentlichten, gedruckten Fremdenlisten.1 Die Fremdenlisten sind jedoch schwer auswertbar, da sie in der Regel nur Namen und Herkunftsland2 angeben. Auch die G\u00e4stezahlen k\u00f6nnen nur gesch\u00e4tzt werden, <a href=\"https:\/\/archivinfo.ch\/felsberg\/pension\/gaeste\/\" class=\"more-link\">\u2026weiterlesen<span class=\"screen-reader-text\"> G\u00e4ste (Allgemeines)\"<\/span><\/a><\/p>\n","protected":false},"author":1,"featured_media":0,"parent":213,"menu_order":34,"comment_status":"closed","ping_status":"closed","template":"","meta":{"footnotes":""},"class_list":["post-222","page","type-page","status-publish","h-entry","hentry","h-as-page"],"_links":{"self":[{"href":"https:\/\/archivinfo.ch\/felsberg\/wp-json\/wp\/v2\/pages\/222","targetHints":{"allow":["GET"]}}],"collection":[{"href":"https:\/\/archivinfo.ch\/felsberg\/wp-json\/wp\/v2\/pages"}],"about":[{"href":"https:\/\/archivinfo.ch\/felsberg\/wp-json\/wp\/v2\/types\/page"}],"author":[{"embeddable":true,"href":"https:\/\/archivinfo.ch\/felsberg\/wp-json\/wp\/v2\/users\/1"}],"replies":[{"embeddable":true,"href":"https:\/\/archivinfo.ch\/felsberg\/wp-json\/wp\/v2\/comments?post=222"}],"version-history":[{"count":5,"href":"https:\/\/archivinfo.ch\/felsberg\/wp-json\/wp\/v2\/pages\/222\/revisions"}],"predecessor-version":[{"id":4564,"href":"https:\/\/archivinfo.ch\/felsberg\/wp-json\/wp\/v2\/pages\/222\/revisions\/4564"}],"up":[{"embeddable":true,"href":"https:\/\/archivinfo.ch\/felsberg\/wp-json\/wp\/v2\/pages\/213"}],"wp:attachment":[{"href":"https:\/\/archivinfo.ch\/felsberg\/wp-json\/wp\/v2\/media?parent=222"}],"curies":[{"name":"wp","href":"https:\/\/api.w.org\/{rel}","templated":true}]}}