{"id":1731,"date":"2017-11-24T16:00:08","date_gmt":"2017-11-24T15:00:08","guid":{"rendered":"http:\/\/archivinfo.ch\/felsberg\/gebaeude\/waschhaus-2-2-2\/"},"modified":"2019-04-05T17:17:36","modified_gmt":"2019-04-05T15:17:36","slug":"waschhaus-2","status":"publish","type":"page","link":"https:\/\/archivinfo.ch\/felsberg\/gebaeude\/waschhaus-2\/","title":{"rendered":"Waschhaus 2"},"content":{"rendered":"<h2>Waschhaus 2<\/h2>\n<ul>\n<li>Katasternummer: 634d<\/li>\n<li>Nutzung: Oekonomiegeb\u00e4ude, Waschhaus<\/li>\n<li>Bauzeit: 1887,<sup><a href=\"#footnote_1_1731\" id=\"identifier_1_1731\" class=\"footnote-link footnote-identifier-link\" title=\"genehmigt durch den Stadtrat am 27.1.1887, vgl. Historischer Kataster, SALU F3.A1, Band 480\">1<\/a><\/sup><br \/>\nAnbau 1898 durch Baugesch\u00e4ft Elmiger &amp; Zgraggen<\/li>\n<li>abgebrochen: 1907 oder 1908<sup><a href=\"#footnote_2_1731\" id=\"identifier_2_1731\" class=\"footnote-link footnote-identifier-link\" title=\"Brandassekuranzregister, STALU A 1143\/40\">2<\/a><\/sup> und durch das <a href=\"http:\/\/archivinfo.ch\/felsberg\/gebaeude\/waschhaus-3\/\">dritte Waschhaus<\/a> ersetzt.<\/li>\n<\/ul>\n<p>Das zweite Waschhaus wurde weiter n\u00f6rdlich gebaut, gleich hinter dem Pavillon.<\/p>\n<p><a href=\"http:\/\/archivinfo.ch\/felsberg\/gebaeude\/waschhaus-1\/situationsplan_prov_ex_rickenbach_1905\/\"><img loading=\"lazy\" decoding=\"async\" class=\"aligncenter wp-image-61 size-medium\" src=\"http:\/\/archivinfo.ch\/felsberg\/wp-content\/uploads\/plaene\/situationsplan_prov_ex_rickenbach_1905-500x333.jpg\" alt=\"\" width=\"500\" height=\"333\" srcset=\"https:\/\/archivinfo.ch\/felsberg\/wp-content\/uploads\/plaene\/situationsplan_prov_ex_rickenbach_1905-500x333.jpg 500w, https:\/\/archivinfo.ch\/felsberg\/wp-content\/uploads\/plaene\/situationsplan_prov_ex_rickenbach_1905-150x100.jpg 150w, https:\/\/archivinfo.ch\/felsberg\/wp-content\/uploads\/plaene\/situationsplan_prov_ex_rickenbach_1905-768x512.jpg 768w, https:\/\/archivinfo.ch\/felsberg\/wp-content\/uploads\/plaene\/situationsplan_prov_ex_rickenbach_1905-1024x683.jpg 1024w\" sizes=\"auto, (max-width: 500px) 100vw, 500px\" \/><\/a><\/p>\n<p>Das Haus wurde 1898 durch das Baugesch\u00e4ft Elmiger &amp; Zgraggen mit einen Anbau auf der Westseite erg\u00e4nzt <sup><a href=\"#footnote_3_1731\" id=\"identifier_3_1731\" class=\"footnote-link footnote-identifier-link\" title=\"((genehmigt durch den Stadtrat am 15.12.1898, vgl. Historischer Kataster, SALU F3.A1, Band 480\">3<\/a><\/sup>; SALU B3.31\/A1.112 &amp; B1.163\/1898, ))<\/p>\n<figure id=\"attachment_1523\" aria-describedby=\"caption-attachment-1523\" style=\"width: 500px\" class=\"wp-caption aligncenter\"><a href=\"http:\/\/archivinfo.ch\/felsberg\/gebaeude\/waschhaus-1\/waschhaus-1-anbau-salu-b3\/\"><img loading=\"lazy\" decoding=\"async\" class=\"wp-image-1523 size-medium\" src=\"http:\/\/archivinfo.ch\/felsberg\/wp-content\/uploads\/gebaeude\/Waschhaus-1-Anbau-SALU-B3.31_A1.112_1898_Plan_1-500x287.jpg\" alt=\"\" width=\"500\" height=\"287\" \/><\/a><figcaption id=\"caption-attachment-1523\" class=\"wp-caption-text\">Waschhaus 2, Plan f\u00fcr einen Anbau, 1898 (SALU B3.31\/A1.112 1898)<\/figcaption><\/figure>\n<p>&nbsp;<\/p>\n<p><em>Diese Seite zuletzt ge\u00e4ndert: 2018-05-24<\/em><\/p>\n<p>&nbsp;<\/p>\n<ol class=\"footnotes\"><li id=\"footnote_1_1731\" class=\"footnote\">genehmigt durch den Stadtrat am 27.1.1887, vgl. Historischer Kataster, SALU F3.A1, Band 480<span class=\"footnote-back-link-wrapper\">[<a href=\"#identifier_1_1731\" class=\"footnote-link footnote-back-link\">&#8617;<\/a>]<\/span><\/li><li id=\"footnote_2_1731\" class=\"footnote\">Brandassekuranzregister, STALU A 1143\/40<span class=\"footnote-back-link-wrapper\">[<a href=\"#identifier_2_1731\" class=\"footnote-link footnote-back-link\">&#8617;<\/a>]<\/span><\/li><li id=\"footnote_3_1731\" class=\"footnote\">((genehmigt durch den Stadtrat am 15.12.1898, vgl. Historischer Kataster, SALU F3.A1, Band 480<span class=\"footnote-back-link-wrapper\">[<a href=\"#identifier_3_1731\" class=\"footnote-link footnote-back-link\">&#8617;<\/a>]<\/span><\/li><\/ol>","protected":false},"excerpt":{"rendered":"<p>Waschhaus 2 Katasternummer: 634d Nutzung: Oekonomiegeb\u00e4ude, Waschhaus Bauzeit: 1887,1 Anbau 1898 durch Baugesch\u00e4ft Elmiger &amp; Zgraggen abgebrochen: 1907 oder 19082 und durch das dritte Waschhaus ersetzt. Das zweite Waschhaus wurde weiter n\u00f6rdlich gebaut, gleich hinter dem Pavillon. Das Haus wurde 1898 durch das Baugesch\u00e4ft Elmiger &amp; Zgraggen mit einen Anbau auf der Westseite erg\u00e4nzt 3; <a href=\"https:\/\/archivinfo.ch\/felsberg\/gebaeude\/waschhaus-2\/\" class=\"more-link\">\u2026weiterlesen<span class=\"screen-reader-text\"> Waschhaus 2\"<\/span><\/a><\/p>\n","protected":false},"author":1,"featured_media":0,"parent":226,"menu_order":58,"comment_status":"closed","ping_status":"closed","template":"","meta":{"footnotes":""},"class_list":["post-1731","page","type-page","status-publish","h-entry","hentry","h-as-page"],"_links":{"self":[{"href":"https:\/\/archivinfo.ch\/felsberg\/wp-json\/wp\/v2\/pages\/1731","targetHints":{"allow":["GET"]}}],"collection":[{"href":"https:\/\/archivinfo.ch\/felsberg\/wp-json\/wp\/v2\/pages"}],"about":[{"href":"https:\/\/archivinfo.ch\/felsberg\/wp-json\/wp\/v2\/types\/page"}],"author":[{"embeddable":true,"href":"https:\/\/archivinfo.ch\/felsberg\/wp-json\/wp\/v2\/users\/1"}],"replies":[{"embeddable":true,"href":"https:\/\/archivinfo.ch\/felsberg\/wp-json\/wp\/v2\/comments?post=1731"}],"version-history":[{"count":0,"href":"https:\/\/archivinfo.ch\/felsberg\/wp-json\/wp\/v2\/pages\/1731\/revisions"}],"up":[{"embeddable":true,"href":"https:\/\/archivinfo.ch\/felsberg\/wp-json\/wp\/v2\/pages\/226"}],"wp:attachment":[{"href":"https:\/\/archivinfo.ch\/felsberg\/wp-json\/wp\/v2\/media?parent=1731"}],"curies":[{"name":"wp","href":"https:\/\/api.w.org\/{rel}","templated":true}]}}